{"id":1654,"date":"2021-10-18T05:42:23","date_gmt":"2021-10-18T05:42:23","guid":{"rendered":"https:\/\/eyrsecurity.com\/?post_type=product&#038;p=1654"},"modified":"2021-10-18T05:46:53","modified_gmt":"2021-10-18T05:46:53","slug":"extintor-de-gas-carbonico-co2","status":"publish","type":"product","link":"https:\/\/eyrsecurity.com\/?product=extintor-de-gas-carbonico-co2","title":{"rendered":"EXTINTOR DE GAS CARBONICO CO2"},"content":{"rendered":"<p>Disponible en unidades:<\/p>\n<p>Tenemos: 5 libras, 10 libras, 15 libras, 20 libras.<\/p>\n<p>Recomendado: Es un\u00a0<strong>extintor para computadoras<\/strong>, uso en caso de incendio en materiales l\u00edquidos, circuitos el\u00e9ctricos, y arte factos el\u00e9ctricos. Son\u00a0<strong>extintores para oficina<\/strong>\u00a0en general<\/p>\n<p>Todas nuestras unidades son cilindros de aluminio que evitan la corrosi\u00f3n. Hasta un 30% m\u00e1s liviano que el cilindro de acero<\/p>\n","protected":false},"excerpt":{"rendered":"<p>El\u00a0<strong>Extintor de Gas Carbonico CO2<\/strong>\u00a0es un tipo de extintor no deja residuos ni manchas en el lugar donde se use ya que se descarga como una nube \u00a0de nieve que apaga el fuego al eliminar el ox\u00edgeno, baja la temperatura y desaparece sin dejar rastro.<\/p>\n<h4>Extintores de CLASE B:<\/h4>\n<p>Combate los l\u00edquidos inflamables, gasolina, aceite, solventes, lacas y otros productos a base de aceite.<\/p>\n<h4>Extintores de CLASE C:<\/h4>\n<p>Combate equipos el\u00e9ctricos como cables, motores, controles, m\u00e1quinas y aparatos<\/p>\n","protected":false},"featured_media":1660,"comment_status":"open","ping_status":"closed","template":"","meta":{"site-sidebar-layout":"default","site-content-layout":"default","ast-main-header-display":"","ast-hfb-above-header-display":"","ast-hfb-below-header-display":"","ast-hfb-mobile-header-display":"","site-post-title":"","ast-breadcrumbs-content":"","ast-featured-img":"","footer-sml-layout":"","theme-transparent-header-meta":"default","adv-header-id-meta":"","stick-header-meta":"","header-above-stick-meta":"","header-main-stick-meta":"","header-below-stick-meta":""},"product_brand":[],"product_cat":[36],"product_tag":[],"class_list":{"0":"post-1654","1":"product","2":"type-product","3":"status-publish","4":"has-post-thumbnail","6":"product_cat-extintores","8":"first","9":"instock","10":"shipping-taxable","11":"product-type-simple"},"_links":{"self":[{"href":"https:\/\/eyrsecurity.com\/index.php?rest_route=\/wp\/v2\/product\/1654","targetHints":{"allow":["GET"]}}],"collection":[{"href":"https:\/\/eyrsecurity.com\/index.php?rest_route=\/wp\/v2\/product"}],"about":[{"href":"https:\/\/eyrsecurity.com\/index.php?rest_route=\/wp\/v2\/types\/product"}],"replies":[{"embeddable":true,"href":"https:\/\/eyrsecurity.com\/index.php?rest_route=%2Fwp%2Fv2%2Fcomments&post=1654"}],"wp:featuredmedia":[{"embeddable":true,"href":"https:\/\/eyrsecurity.com\/index.php?rest_route=\/wp\/v2\/media\/1660"}],"wp:attachment":[{"href":"https:\/\/eyrsecurity.com\/index.php?rest_route=%2Fwp%2Fv2%2Fmedia&parent=1654"}],"wp:term":[{"taxonomy":"product_brand","embeddable":true,"href":"https:\/\/eyrsecurity.com\/index.php?rest_route=%2Fwp%2Fv2%2Fproduct_brand&post=1654"},{"taxonomy":"product_cat","embeddable":true,"href":"https:\/\/eyrsecurity.com\/index.php?rest_route=%2Fwp%2Fv2%2Fproduct_cat&post=1654"},{"taxonomy":"product_tag","embeddable":true,"href":"https:\/\/eyrsecurity.com\/index.php?rest_route=%2Fwp%2Fv2%2Fproduct_tag&post=1654"}],"curies":[{"name":"wp","href":"https:\/\/api.w.org\/{rel}","templated":true}]}}