{"id":1649,"date":"2021-10-18T05:42:23","date_gmt":"2021-10-18T05:42:23","guid":{"rendered":"https:\/\/eyrsecurity.com\/?post_type=product&#038;p=1649"},"modified":"2022-01-20T04:52:46","modified_gmt":"2022-01-20T04:52:46","slug":"cabezal-con-ratchet-v200-segpro","status":"publish","type":"product","link":"https:\/\/eyrsecurity.com\/?product=cabezal-con-ratchet-v200-segpro","title":{"rendered":"CABEZAL CON RATCHET V200 SEGPRO"},"content":{"rendered":"<h4>Caracter\u00edsticas<\/h4>\n<ul>\n<li><strong>Material:<\/strong>\u00a0Cuerpo amarillo fabricado con polipropileno de alta densidad.<\/li>\n<li><strong>Protecci\u00f3n:<\/strong>\u00a0Al ser utilizado en conjunto con el Visor Facial protege de proyecci\u00f3n de part\u00edculas salpicaduras de acidos, pulidos, entre otros.<\/li>\n<li><strong>Peso:<\/strong>\u00a0180 gr.<\/li>\n<li><strong>Uso :<\/strong>\u00a0Trabajos metalmec\u00e1nicos, de corte y pulido, fundiciones en horno, forja, tratamientos t\u00e9rmicos, secado de pintura, construcci\u00f3n, medicina, talleres mec\u00e1nicos y aserraderos.<\/li>\n<\/ul>\n","protected":false},"excerpt":{"rendered":"<p>Cuerpo amarillo fabricado con polipropileno de alta densidad. <span style=\"font-size: 16px;\">Con sistema de suspensi\u00f3n ratchet, f<\/span><span style=\"font-size: 16px;\">abricado para protecci\u00f3n del rostro en conjunto con el visor facial. <\/span><\/p>\n<p><span style=\"font-size: 16px;\">En conjunto con el visor facial garantiza la protecci\u00f3n total del rostro.<\/span><\/p>\n","protected":false},"featured_media":2688,"comment_status":"open","ping_status":"closed","template":"","meta":{"site-sidebar-layout":"default","site-content-layout":"default","ast-main-header-display":"","ast-hfb-above-header-display":"","ast-hfb-below-header-display":"","ast-hfb-mobile-header-display":"","site-post-title":"","ast-breadcrumbs-content":"","ast-featured-img":"","footer-sml-layout":"","theme-transparent-header-meta":"default","adv-header-id-meta":"","stick-header-meta":"","header-above-stick-meta":"","header-main-stick-meta":"","header-below-stick-meta":""},"product_brand":[],"product_cat":[23],"product_tag":[],"class_list":{"0":"post-1649","1":"product","2":"type-product","3":"status-publish","4":"has-post-thumbnail","6":"product_cat-proteccion-visual-y-facial","8":"first","9":"instock","10":"shipping-taxable","11":"product-type-simple"},"_links":{"self":[{"href":"https:\/\/eyrsecurity.com\/index.php?rest_route=\/wp\/v2\/product\/1649","targetHints":{"allow":["GET"]}}],"collection":[{"href":"https:\/\/eyrsecurity.com\/index.php?rest_route=\/wp\/v2\/product"}],"about":[{"href":"https:\/\/eyrsecurity.com\/index.php?rest_route=\/wp\/v2\/types\/product"}],"replies":[{"embeddable":true,"href":"https:\/\/eyrsecurity.com\/index.php?rest_route=%2Fwp%2Fv2%2Fcomments&post=1649"}],"wp:featuredmedia":[{"embeddable":true,"href":"https:\/\/eyrsecurity.com\/index.php?rest_route=\/wp\/v2\/media\/2688"}],"wp:attachment":[{"href":"https:\/\/eyrsecurity.com\/index.php?rest_route=%2Fwp%2Fv2%2Fmedia&parent=1649"}],"wp:term":[{"taxonomy":"product_brand","embeddable":true,"href":"https:\/\/eyrsecurity.com\/index.php?rest_route=%2Fwp%2Fv2%2Fproduct_brand&post=1649"},{"taxonomy":"product_cat","embeddable":true,"href":"https:\/\/eyrsecurity.com\/index.php?rest_route=%2Fwp%2Fv2%2Fproduct_cat&post=1649"},{"taxonomy":"product_tag","embeddable":true,"href":"https:\/\/eyrsecurity.com\/index.php?rest_route=%2Fwp%2Fv2%2Fproduct_tag&post=1649"}],"curies":[{"name":"wp","href":"https:\/\/api.w.org\/{rel}","templated":true}]}}

<h4>Características</h4>
<ul>
<li><strong>Material:</strong> Cuerpo amarillo fabricado con polipropileno de alta densidad.</li>
<li><strong>Protección:</strong> Al ser utilizado en conjunto con el Visor Facial protege de proyección de partículas salpicaduras de acidos, pulidos, entre otros.</li>
<li><strong>Peso:</strong> 180 gr.</li>
<li><strong>Uso :</strong> Trabajos metalmecánicos, de corte y pulido, fundiciones en horno, forja, tratamientos térmicos, secado de pintura, construcción, medicina, talleres mecánicos y aserraderos.</li>
</ul>

<p>Cuerpo amarillo fabricado con polipropileno de alta densidad. <span style="font-size: 16px;">Con sistema de suspensión ratchet, f</span><span style="font-size: 16px;">abricado para protección del rostro en conjunto con el visor facial. </span></p>
<p><span style="font-size: 16px;">En conjunto con el visor facial garantiza la protección total del rostro.</span></p>
