{"id":1646,"date":"2021-10-18T05:42:23","date_gmt":"2021-10-18T05:42:23","guid":{"rendered":"https:\/\/eyrsecurity.com\/?post_type=product&#038;p=1646"},"modified":"2025-07-15T22:16:52","modified_gmt":"2025-07-15T22:16:52","slug":"careta-de-esmerilar-tridente","status":"publish","type":"product","link":"https:\/\/eyrsecurity.com\/?product=careta-de-esmerilar-tridente","title":{"rendered":"CARETA DE ESMERILAR TRIDENTE"},"content":{"rendered":"<h4><strong>Caracter\u00edsticas<\/strong><\/h4>\n<ul>\n<li>Protector facial de Acr\u00edlico\/Policarbonato.<\/li>\n<li>Arn\u00e9s de suspensi\u00f3n regulable, tipo RACHET.<\/li>\n<li>Resistente a impacto de baja velocidad.<\/li>\n<li>Visor claro intercambiable y transparente de 8\u2033\u00bb x 12\u2033\u00bb x 1.7mm de espesor<\/li>\n<\/ul>\n<h4><strong>Usos<\/strong><\/h4>\n<p>Protege contra impactos de part\u00edculas en trabajos de esmerilado, rectificado de metales, aserraderos, manejo de productos qu\u00edmicos.<\/p>\n","protected":false},"excerpt":{"rendered":"<p>Careta facial con cabezal azul \u2013 amarillo y visor claro para esmerilar. Marca TRIDENTE.<br \/>\nEs una careta facial, totalmente diel\u00e9ctrica, con cabezal graduable tipo RATCHET y visor claro intercambiable y transparente de 8\u2033\u00bb x 12\u2033\u00bb x 1.7mm. En acr\u00edlico. Protege contra impactos de part\u00edculas en trabajos de esmerilado, rectificado de metales, aserraderos, manejo de productos qu\u00edmicos.<\/p>\n","protected":false},"featured_media":2691,"comment_status":"open","ping_status":"closed","template":"","meta":{"site-sidebar-layout":"default","site-content-layout":"default","ast-main-header-display":"","ast-hfb-above-header-display":"","ast-hfb-below-header-display":"","ast-hfb-mobile-header-display":"","site-post-title":"","ast-breadcrumbs-content":"","ast-featured-img":"","footer-sml-layout":"","theme-transparent-header-meta":"default","adv-header-id-meta":"","stick-header-meta":"","header-above-stick-meta":"","header-main-stick-meta":"","header-below-stick-meta":""},"product_brand":[],"product_cat":[24,23],"product_tag":[],"class_list":{"0":"post-1646","1":"product","2":"type-product","3":"status-publish","4":"has-post-thumbnail","6":"product_cat-bioseguridad-e-higiene","7":"product_cat-proteccion-visual-y-facial","9":"first","10":"instock","11":"shipping-taxable","12":"product-type-simple"},"_links":{"self":[{"href":"https:\/\/eyrsecurity.com\/index.php?rest_route=\/wp\/v2\/product\/1646","targetHints":{"allow":["GET"]}}],"collection":[{"href":"https:\/\/eyrsecurity.com\/index.php?rest_route=\/wp\/v2\/product"}],"about":[{"href":"https:\/\/eyrsecurity.com\/index.php?rest_route=\/wp\/v2\/types\/product"}],"replies":[{"embeddable":true,"href":"https:\/\/eyrsecurity.com\/index.php?rest_route=%2Fwp%2Fv2%2Fcomments&post=1646"}],"wp:featuredmedia":[{"embeddable":true,"href":"https:\/\/eyrsecurity.com\/index.php?rest_route=\/wp\/v2\/media\/2691"}],"wp:attachment":[{"href":"https:\/\/eyrsecurity.com\/index.php?rest_route=%2Fwp%2Fv2%2Fmedia&parent=1646"}],"wp:term":[{"taxonomy":"product_brand","embeddable":true,"href":"https:\/\/eyrsecurity.com\/index.php?rest_route=%2Fwp%2Fv2%2Fproduct_brand&post=1646"},{"taxonomy":"product_cat","embeddable":true,"href":"https:\/\/eyrsecurity.com\/index.php?rest_route=%2Fwp%2Fv2%2Fproduct_cat&post=1646"},{"taxonomy":"product_tag","embeddable":true,"href":"https:\/\/eyrsecurity.com\/index.php?rest_route=%2Fwp%2Fv2%2Fproduct_tag&post=1646"}],"curies":[{"name":"wp","href":"https:\/\/api.w.org\/{rel}","templated":true}]}}

<h4><strong>Características</strong></h4>
<ul>
<li>Protector facial de Acrílico/Policarbonato.</li>
<li>Arnés de suspensión regulable, tipo RACHET.</li>
<li>Resistente a impacto de baja velocidad.</li>
<li>Visor claro intercambiable y transparente de 8″» x 12″» x 1.7mm de espesor</li>
</ul>
<h4><strong>Usos</strong></h4>
<p>Protege contra impactos de partículas en trabajos de esmerilado, rectificado de metales, aserraderos, manejo de productos químicos.</p>

<p>Careta facial con cabezal azul – amarillo y visor claro para esmerilar. Marca TRIDENTE.<br />
Es una careta facial, totalmente dieléctrica, con cabezal graduable tipo RATCHET y visor claro intercambiable y transparente de 8″» x 12″» x 1.7mm. En acrílico. Protege contra impactos de partículas en trabajos de esmerilado, rectificado de metales, aserraderos, manejo de productos químicos.</p>
