{"id":1644,"date":"2021-10-18T05:42:21","date_gmt":"2021-10-18T05:42:21","guid":{"rendered":"https:\/\/eyrsecurity.com\/?post_type=product&#038;p=1644"},"modified":"2022-01-20T04:13:34","modified_gmt":"2022-01-20T04:13:34","slug":"protector-facial-burbuja-libus","status":"publish","type":"product","link":"https:\/\/eyrsecurity.com\/?product=protector-facial-burbuja-libus","title":{"rendered":"PROTECTOR FACIAL BURBUJA LIBUS"},"content":{"rendered":"<h4>Caracter\u00edsticas<\/h4>\n<ul>\n<li>Dise\u00f1o envolvente, suministra protecci\u00f3n frontal y lateral desde la frente al ment\u00f3n.<\/li>\n<li>Modelo Burbuja Visor Premium dise\u00f1o esf\u00e9rico que sigue las l\u00edneas de la cara.<\/li>\n<li>Fabricado en policarbonato.<\/li>\n<li>Filtro UV.<\/li>\n<li>7 ranuras distribuidas en la banda superior para un firme montaje en el soporte<\/li>\n<li>Dimensiones: 8 x 15\u00bd\u201d.<\/li>\n<li>Espesor: 2 mm Apto protecci\u00f3n alto impacto.<\/li>\n<\/ul>\n","protected":false},"excerpt":{"rendered":"<p>Protecci\u00f3n facial de alto impacto. Pantalla fabricada en policarbonato para proteger la cara de golpes, impacto de part\u00edculas, polvo, chispas y salpicadura qu\u00edmica.<\/p>\n","protected":false},"featured_media":2689,"comment_status":"open","ping_status":"closed","template":"","meta":{"site-sidebar-layout":"default","site-content-layout":"default","ast-main-header-display":"","ast-hfb-above-header-display":"","ast-hfb-below-header-display":"","ast-hfb-mobile-header-display":"","site-post-title":"","ast-breadcrumbs-content":"","ast-featured-img":"","footer-sml-layout":"","theme-transparent-header-meta":"default","adv-header-id-meta":"","stick-header-meta":"","header-above-stick-meta":"","header-main-stick-meta":"","header-below-stick-meta":""},"product_brand":[],"product_cat":[23],"product_tag":[],"class_list":{"0":"post-1644","1":"product","2":"type-product","3":"status-publish","4":"has-post-thumbnail","6":"product_cat-proteccion-visual-y-facial","8":"first","9":"instock","10":"shipping-taxable","11":"product-type-simple"},"_links":{"self":[{"href":"https:\/\/eyrsecurity.com\/index.php?rest_route=\/wp\/v2\/product\/1644","targetHints":{"allow":["GET"]}}],"collection":[{"href":"https:\/\/eyrsecurity.com\/index.php?rest_route=\/wp\/v2\/product"}],"about":[{"href":"https:\/\/eyrsecurity.com\/index.php?rest_route=\/wp\/v2\/types\/product"}],"replies":[{"embeddable":true,"href":"https:\/\/eyrsecurity.com\/index.php?rest_route=%2Fwp%2Fv2%2Fcomments&post=1644"}],"wp:featuredmedia":[{"embeddable":true,"href":"https:\/\/eyrsecurity.com\/index.php?rest_route=\/wp\/v2\/media\/2689"}],"wp:attachment":[{"href":"https:\/\/eyrsecurity.com\/index.php?rest_route=%2Fwp%2Fv2%2Fmedia&parent=1644"}],"wp:term":[{"taxonomy":"product_brand","embeddable":true,"href":"https:\/\/eyrsecurity.com\/index.php?rest_route=%2Fwp%2Fv2%2Fproduct_brand&post=1644"},{"taxonomy":"product_cat","embeddable":true,"href":"https:\/\/eyrsecurity.com\/index.php?rest_route=%2Fwp%2Fv2%2Fproduct_cat&post=1644"},{"taxonomy":"product_tag","embeddable":true,"href":"https:\/\/eyrsecurity.com\/index.php?rest_route=%2Fwp%2Fv2%2Fproduct_tag&post=1644"}],"curies":[{"name":"wp","href":"https:\/\/api.w.org\/{rel}","templated":true}]}}