{"id":1636,"date":"2021-10-18T05:42:20","date_gmt":"2021-10-18T05:42:20","guid":{"rendered":"https:\/\/eyrsecurity.com\/?post_type=product&#038;p=1636"},"modified":"2021-10-18T06:52:33","modified_gmt":"2021-10-18T06:52:33","slug":"casquete-porta-visor-amarillo-steelpro","status":"publish","type":"product","link":"https:\/\/eyrsecurity.com\/?product=casquete-porta-visor-amarillo-steelpro","title":{"rendered":"CASQUETE PORTA VISOR AMARILLO STEELPRO"},"content":{"rendered":"<h4>Caracter\u00edsticas<\/h4>\n<p>\u2022 Cabezal fabricado en polipropileno de alta densidad.<br \/>\n\u2022 Protege zona frontal de la cabeza.<br \/>\n\u2022 Sistema de roller, para un ajuste seguro.<br \/>\n\u2022 Soporte ideal para uso de visores de policarbonato.<br \/>\n\u2022 Alta resistencia<\/p>\n","protected":false},"excerpt":{"rendered":"<p>Fabricado en PAD (Polietileno de alta densidad) para proteger zona frontal de la cabeza.\u00a0Sistema de ajuste de rosca sin fin, pra un ajuste seguro.<\/p>\n<p>Casquete porta visor fabricado en polipropileno de alta densidad con sistema de suspensi\u00f3n con ratchet que permite intercambiar visores en policarbonato de alta resistencia con y sin ribete met\u00e1lico, al igual que visores en malla met\u00e1lica para labores forestales.<\/p>\n","protected":false},"featured_media":1737,"comment_status":"open","ping_status":"closed","template":"","meta":{"site-sidebar-layout":"default","site-content-layout":"default","ast-main-header-display":"","ast-hfb-above-header-display":"","ast-hfb-below-header-display":"","ast-hfb-mobile-header-display":"","site-post-title":"","ast-breadcrumbs-content":"","ast-featured-img":"","footer-sml-layout":"","theme-transparent-header-meta":"default","adv-header-id-meta":"","stick-header-meta":"","header-above-stick-meta":"","header-main-stick-meta":"","header-below-stick-meta":""},"product_brand":[],"product_cat":[20,23],"product_tag":[],"class_list":{"0":"post-1636","1":"product","2":"type-product","3":"status-publish","4":"has-post-thumbnail","6":"product_cat-proteccion-a-la-cabeza","7":"product_cat-proteccion-visual-y-facial","9":"first","10":"instock","11":"shipping-taxable","12":"product-type-simple"},"_links":{"self":[{"href":"https:\/\/eyrsecurity.com\/index.php?rest_route=\/wp\/v2\/product\/1636","targetHints":{"allow":["GET"]}}],"collection":[{"href":"https:\/\/eyrsecurity.com\/index.php?rest_route=\/wp\/v2\/product"}],"about":[{"href":"https:\/\/eyrsecurity.com\/index.php?rest_route=\/wp\/v2\/types\/product"}],"replies":[{"embeddable":true,"href":"https:\/\/eyrsecurity.com\/index.php?rest_route=%2Fwp%2Fv2%2Fcomments&post=1636"}],"wp:featuredmedia":[{"embeddable":true,"href":"https:\/\/eyrsecurity.com\/index.php?rest_route=\/wp\/v2\/media\/1737"}],"wp:attachment":[{"href":"https:\/\/eyrsecurity.com\/index.php?rest_route=%2Fwp%2Fv2%2Fmedia&parent=1636"}],"wp:term":[{"taxonomy":"product_brand","embeddable":true,"href":"https:\/\/eyrsecurity.com\/index.php?rest_route=%2Fwp%2Fv2%2Fproduct_brand&post=1636"},{"taxonomy":"product_cat","embeddable":true,"href":"https:\/\/eyrsecurity.com\/index.php?rest_route=%2Fwp%2Fv2%2Fproduct_cat&post=1636"},{"taxonomy":"product_tag","embeddable":true,"href":"https:\/\/eyrsecurity.com\/index.php?rest_route=%2Fwp%2Fv2%2Fproduct_tag&post=1636"}],"curies":[{"name":"wp","href":"https:\/\/api.w.org\/{rel}","templated":true}]}}

<h4>Características</h4>
<p>• Cabezal fabricado en polipropileno de alta densidad.<br />
• Protege zona frontal de la cabeza.<br />
• Sistema de roller, para un ajuste seguro.<br />
• Soporte ideal para uso de visores de policarbonato.<br />
• Alta resistencia</p>

<p>Fabricado en PAD (Polietileno de alta densidad) para proteger zona frontal de la cabeza. Sistema de ajuste de rosca sin fin, pra un ajuste seguro.</p>
<p>Casquete porta visor fabricado en polipropileno de alta densidad con sistema de suspensión con ratchet que permite intercambiar visores en policarbonato de alta resistencia con y sin ribete metálico, al igual que visores en malla metálica para labores forestales.</p>
