{"id":1629,"date":"2021-10-18T05:42:20","date_gmt":"2021-10-18T05:42:20","guid":{"rendered":"https:\/\/eyrsecurity.com\/?post_type=product&#038;p=1629"},"modified":"2022-01-21T06:22:40","modified_gmt":"2022-01-21T06:22:40","slug":"bloqueador-solar-fps-50-3m","status":"publish","type":"product","link":"https:\/\/eyrsecurity.com\/?product=bloqueador-solar-fps-50-3m","title":{"rendered":"BLOQUEADOR SOLAR FPS 50+ 3M"},"content":{"rendered":"<h4 class=\"title-tab\">Descripci\u00f3n<\/h4>\n<p>Este producto posee un estado cremoso, sin perfume, de r\u00e1pida absorci\u00f3n e hipoalerg\u00e9nico, y ayuda prevenir el eritema, fotoenvejecimiento, manchas y c\u00e1ncer a la piel asociados a la exposici\u00f3n a radiaci\u00f3n UV.<\/p>\n<h5>Presentaciones:<\/h5>\n<p>1 LITRO CON DISPENSADOR<\/p>\n<p>110 MLS.<\/p>\n<h4>Modo de empleo<\/h4>\n<ul>\n<li>Aplicar generosamente y de manera uniforme 30 minutos antes de la exposici\u00f3n solar.<\/li>\n<li>Reaplicar cada 2 horas, especialmente despu\u00e9s de una excesiva transpiraci\u00f3n, prolongada exposici\u00f3n al agua o secado con toalla.<\/li>\n<li>Cara, cuello y extremidades superiores pueden cubrirse con 5 a 10 grs.<\/li>\n<li>Almacenar en un lugar seco y sombreado, evitando la exposici\u00f3n directa al sol.<\/li>\n<li>Descontinuar su uso en caso de irritaci\u00f3n. Uso externo.<\/li>\n<li>Evitar el contacto directo con los ojos.<\/li>\n<li>Mant\u00e9ngase fuera del alcance de los ni\u00f1os.<\/li>\n<li>No exponer a lactantes y ni\u00f1os menores a la radiaci\u00f3n solar.<\/li>\n<li>La exposici\u00f3n excesiva al sol es un peligro importante para la salud.<\/li>\n<\/ul>\n","protected":false},"excerpt":{"rendered":"<p>Dise\u00f1ado especialmente para brindar la protecci\u00f3nnecesaria en actividades expuestas a la radiaci\u00f3n solar.<br \/>\n\u2022 Otorga protecci\u00f3n contra rayos ultravioleta del tipo A y B (UVA\/ UVB).<br \/>\n\u2022 La rotulaci\u00f3n 50+ indica que el fotoprotector ofrece una protecci\u00f3n muy alta, y su factor de protecci\u00f3n solar es superior a 60.<\/p>\n","protected":false},"featured_media":1995,"comment_status":"open","ping_status":"closed","template":"","meta":{"site-sidebar-layout":"default","site-content-layout":"default","ast-main-header-display":"","ast-hfb-above-header-display":"","ast-hfb-below-header-display":"","ast-hfb-mobile-header-display":"","site-post-title":"","ast-breadcrumbs-content":"","ast-featured-img":"","footer-sml-layout":"","theme-transparent-header-meta":"default","adv-header-id-meta":"","stick-header-meta":"","header-above-stick-meta":"","header-main-stick-meta":"","header-below-stick-meta":""},"product_brand":[],"product_cat":[24],"product_tag":[],"class_list":{"0":"post-1629","1":"product","2":"type-product","3":"status-publish","4":"has-post-thumbnail","6":"product_cat-bioseguridad-e-higiene","8":"first","9":"instock","10":"shipping-taxable","11":"product-type-simple"},"_links":{"self":[{"href":"https:\/\/eyrsecurity.com\/index.php?rest_route=\/wp\/v2\/product\/1629","targetHints":{"allow":["GET"]}}],"collection":[{"href":"https:\/\/eyrsecurity.com\/index.php?rest_route=\/wp\/v2\/product"}],"about":[{"href":"https:\/\/eyrsecurity.com\/index.php?rest_route=\/wp\/v2\/types\/product"}],"replies":[{"embeddable":true,"href":"https:\/\/eyrsecurity.com\/index.php?rest_route=%2Fwp%2Fv2%2Fcomments&post=1629"}],"wp:featuredmedia":[{"embeddable":true,"href":"https:\/\/eyrsecurity.com\/index.php?rest_route=\/wp\/v2\/media\/1995"}],"wp:attachment":[{"href":"https:\/\/eyrsecurity.com\/index.php?rest_route=%2Fwp%2Fv2%2Fmedia&parent=1629"}],"wp:term":[{"taxonomy":"product_brand","embeddable":true,"href":"https:\/\/eyrsecurity.com\/index.php?rest_route=%2Fwp%2Fv2%2Fproduct_brand&post=1629"},{"taxonomy":"product_cat","embeddable":true,"href":"https:\/\/eyrsecurity.com\/index.php?rest_route=%2Fwp%2Fv2%2Fproduct_cat&post=1629"},{"taxonomy":"product_tag","embeddable":true,"href":"https:\/\/eyrsecurity.com\/index.php?rest_route=%2Fwp%2Fv2%2Fproduct_tag&post=1629"}],"curies":[{"name":"wp","href":"https:\/\/api.w.org\/{rel}","templated":true}]}}