{"id":1609,"date":"2021-10-18T05:42:17","date_gmt":"2021-10-18T05:42:17","guid":{"rendered":"https:\/\/eyrsecurity.com\/?post_type=product&#038;p=1609"},"modified":"2021-10-24T18:35:25","modified_gmt":"2021-10-24T18:35:25","slug":"guante-a722-portwest-anti-impacto","status":"publish","type":"product","link":"https:\/\/eyrsecurity.com\/?product=guante-a722-portwest-anti-impacto","title":{"rendered":"GUANTE A722 PORTWEST ANTI-IMPACTO"},"content":{"rendered":"<h4 class=\"title-tab\">Descripci\u00f3n<\/h4>\n<ul class=\"features-text\">\n<li>Certificado CE.<\/li>\n<li>Resistencia al corte Nivel C.<\/li>\n<li>Cubierta de Nitrilo esponjoso para un excelente agarre en seco y en mojado.<\/li>\n<li>M\u00e1xima protecci\u00f3n contra impactos usando la tecnolog\u00eda de encapsulado TPR.<\/li>\n<li>Palma recubierta para dexteridad y aireaci\u00f3n mayores.<\/li>\n<li>Arco del pulgar reforzado para protecci\u00f3n y duraci\u00f3n mayores.<\/li>\n<li>Forro sin costuras 100% transpirable.<\/li>\n<li>Soporte interior de punto de galga 13 para un perfecto ajuste.<\/li>\n<li>Tira con cierre autoadherente para un ajuste seguro.<\/li>\n<li>Nivel al corte A4 ANSI.<\/li>\n<li>Tallas: S\/7 al XL\/10.<\/li>\n<li>Material de Producto: TPR, Fibra de vidrio, HPPE, Poli\u00e9ster, Nitrilo.<\/li>\n<\/ul>\n","protected":false},"excerpt":{"rendered":"<p>Combina comodidad, agarre y resistencia al corte en un confortable soporte sin costuras. Flexibles almohadillas de PVC para los golpes y refuerzos para m\u00e1xima duraci\u00f3n. Aptos para tareas rudas.<\/p>\n","protected":false},"featured_media":2385,"comment_status":"open","ping_status":"closed","template":"","meta":{"site-sidebar-layout":"default","site-content-layout":"default","ast-main-header-display":"","ast-hfb-above-header-display":"","ast-hfb-below-header-display":"","ast-hfb-mobile-header-display":"","site-post-title":"","ast-breadcrumbs-content":"","ast-featured-img":"","footer-sml-layout":"","theme-transparent-header-meta":"default","adv-header-id-meta":"","stick-header-meta":"","header-above-stick-meta":"","header-main-stick-meta":"","header-below-stick-meta":""},"product_brand":[],"product_cat":[26],"product_tag":[],"class_list":{"0":"post-1609","1":"product","2":"type-product","3":"status-publish","4":"has-post-thumbnail","6":"product_cat-proteccion-a-las-manos","8":"first","9":"instock","10":"shipping-taxable","11":"product-type-simple"},"_links":{"self":[{"href":"https:\/\/eyrsecurity.com\/index.php?rest_route=\/wp\/v2\/product\/1609","targetHints":{"allow":["GET"]}}],"collection":[{"href":"https:\/\/eyrsecurity.com\/index.php?rest_route=\/wp\/v2\/product"}],"about":[{"href":"https:\/\/eyrsecurity.com\/index.php?rest_route=\/wp\/v2\/types\/product"}],"replies":[{"embeddable":true,"href":"https:\/\/eyrsecurity.com\/index.php?rest_route=%2Fwp%2Fv2%2Fcomments&post=1609"}],"wp:featuredmedia":[{"embeddable":true,"href":"https:\/\/eyrsecurity.com\/index.php?rest_route=\/wp\/v2\/media\/2385"}],"wp:attachment":[{"href":"https:\/\/eyrsecurity.com\/index.php?rest_route=%2Fwp%2Fv2%2Fmedia&parent=1609"}],"wp:term":[{"taxonomy":"product_brand","embeddable":true,"href":"https:\/\/eyrsecurity.com\/index.php?rest_route=%2Fwp%2Fv2%2Fproduct_brand&post=1609"},{"taxonomy":"product_cat","embeddable":true,"href":"https:\/\/eyrsecurity.com\/index.php?rest_route=%2Fwp%2Fv2%2Fproduct_cat&post=1609"},{"taxonomy":"product_tag","embeddable":true,"href":"https:\/\/eyrsecurity.com\/index.php?rest_route=%2Fwp%2Fv2%2Fproduct_tag&post=1609"}],"curies":[{"name":"wp","href":"https:\/\/api.w.org\/{rel}","templated":true}]}}