{"id":1606,"date":"2021-10-18T05:42:17","date_gmt":"2021-10-18T05:42:17","guid":{"rendered":"https:\/\/eyrsecurity.com\/?post_type=product&#038;p=1606"},"modified":"2021-10-24T19:56:52","modified_gmt":"2021-10-24T19:56:52","slug":"guante-pu-flex-g-40-kimberly-clark","status":"publish","type":"product","link":"https:\/\/eyrsecurity.com\/?product=guante-pu-flex-g-40-kimberly-clark","title":{"rendered":"GUANTE PU FLEX G-40 KIMBERLY CLARK"},"content":{"rendered":"<h4><u>\u00a0Usos T\u00edpicos<\/u><\/h4>\n<p>Es muy importante conocer el proceso y los riesgos mec\u00e1nicos: abrasi\u00f3n, corte, rasgado y punci\u00f3n; a los que est\u00e1 expuesta la persona para poder definir el uso del guante adecuado.<br \/>\nEste producto no debe ser usado como guante de protecci\u00f3n contra qu\u00edmicos.<br \/>\nEnsamblaje de Precisi\u00f3n<br \/>\nEnsamblajes Electr\u00f3nicos<br \/>\nManejo de Paneles de Control<br \/>\nPantallas T\u00e1ctiles<br \/>\nEmbalaje e Inspecci\u00f3n<\/p>\n","protected":false},"excerpt":{"rendered":"<p>Guantes Industriales hechos de tejido de punto respirable en poli\u00e9ster, con un recubrimiento especial de poliuretano\u00a0 (en la palma); para un buen de agarre en seco y h\u00famedo (aceites); as\u00ed como alta destreza.<\/p>\n<p>Los guantes de protecci\u00f3n Jackson Safety* G40 recubiertos con Poliuretano Flex, son los guantes de protecci\u00f3n industrial de uso general ideales para proteger a las personas de los procesos, con un excelente nivel de agarre, destreza y comodidad.<\/p>\n","protected":false},"featured_media":2284,"comment_status":"open","ping_status":"closed","template":"","meta":{"site-sidebar-layout":"default","site-content-layout":"default","ast-main-header-display":"","ast-hfb-above-header-display":"","ast-hfb-below-header-display":"","ast-hfb-mobile-header-display":"","site-post-title":"","ast-breadcrumbs-content":"","ast-featured-img":"","footer-sml-layout":"","theme-transparent-header-meta":"default","adv-header-id-meta":"","stick-header-meta":"","header-above-stick-meta":"","header-main-stick-meta":"","header-below-stick-meta":""},"product_brand":[],"product_cat":[26],"product_tag":[],"class_list":{"0":"post-1606","1":"product","2":"type-product","3":"status-publish","4":"has-post-thumbnail","6":"product_cat-proteccion-a-las-manos","8":"first","9":"instock","10":"shipping-taxable","11":"product-type-simple"},"_links":{"self":[{"href":"https:\/\/eyrsecurity.com\/index.php?rest_route=\/wp\/v2\/product\/1606","targetHints":{"allow":["GET"]}}],"collection":[{"href":"https:\/\/eyrsecurity.com\/index.php?rest_route=\/wp\/v2\/product"}],"about":[{"href":"https:\/\/eyrsecurity.com\/index.php?rest_route=\/wp\/v2\/types\/product"}],"replies":[{"embeddable":true,"href":"https:\/\/eyrsecurity.com\/index.php?rest_route=%2Fwp%2Fv2%2Fcomments&post=1606"}],"wp:featuredmedia":[{"embeddable":true,"href":"https:\/\/eyrsecurity.com\/index.php?rest_route=\/wp\/v2\/media\/2284"}],"wp:attachment":[{"href":"https:\/\/eyrsecurity.com\/index.php?rest_route=%2Fwp%2Fv2%2Fmedia&parent=1606"}],"wp:term":[{"taxonomy":"product_brand","embeddable":true,"href":"https:\/\/eyrsecurity.com\/index.php?rest_route=%2Fwp%2Fv2%2Fproduct_brand&post=1606"},{"taxonomy":"product_cat","embeddable":true,"href":"https:\/\/eyrsecurity.com\/index.php?rest_route=%2Fwp%2Fv2%2Fproduct_cat&post=1606"},{"taxonomy":"product_tag","embeddable":true,"href":"https:\/\/eyrsecurity.com\/index.php?rest_route=%2Fwp%2Fv2%2Fproduct_tag&post=1606"}],"curies":[{"name":"wp","href":"https:\/\/api.w.org\/{rel}","templated":true}]}}