{"id":1605,"date":"2021-10-18T05:42:17","date_gmt":"2021-10-18T05:42:17","guid":{"rendered":"https:\/\/eyrsecurity.com\/?post_type=product&#038;p=1605"},"modified":"2021-10-24T18:34:53","modified_gmt":"2021-10-24T18:34:53","slug":"guante-g40-latex-anticorte-gris-kleenguard","status":"publish","type":"product","link":"https:\/\/eyrsecurity.com\/?product=guante-g40-latex-anticorte-gris-kleenguard","title":{"rendered":"GUANTE G40 LATEX ANTICORTE GRIS KLEENGUARD"},"content":{"rendered":"<h4>Caracter\u00edsticas<\/h4>\n<ul>\n<li>\u00a0Composici\u00f3n Poli\u00e9ster (40%) \u2013 L\u00e1tex (60%)<\/li>\n<li>Guantes de protecci\u00f3n industrial con un excelente nivel de agarre, destreza, comodidad y resistencia.<\/li>\n<li>Posee un excelente agarre en l\u00edquidos, aceite, grasa industrial y en seco.<\/li>\n<li>Libre de silicona.<\/li>\n<li>Lavable para facilitar su uso y otorgarle mayor productividad y durabilidad.<\/li>\n<li>Base del guante 100% en poli\u00e9ster para una mejor adhesi\u00f3n del recubrimiento.<\/li>\n<li>Revestimiento resistente al rasgado.<\/li>\n<li>\u00a0Con presentaci\u00f3n en empaque ambientalmente amigable.<\/li>\n<li>Con banda el\u00e1stica en la mu\u00f1eca con c\u00f3digo de colores que permite identificar la talla.<\/li>\n<\/ul>\n","protected":false},"excerpt":{"rendered":"<p>Los guantes Jackson Safety* G40 recubiertos de L\u00e1tex son resistentes a la deslaminaci\u00f3n, tienen el nivel de resistencia al rasgado m\u00e1s alto seg\u00fan el est\u00e1ndar EN 388, son respirables y ofrecen protecci\u00f3n contra riesgos por contacto con superficies calientes. Los guantes cuentan con una banda el\u00e1stica en el pu\u00f1o o mu\u00f1eca con c\u00f3digo de colores para identificar la talla, est\u00e1n libres de costuras para mayor comodidad y destreza y cuentan con un tejido de punto de Poli\u00e9ster negro que permite esconder la suciedad. Estos guantes no est\u00e1n dise\u00f1ados para aplicaciones que involucren exposici\u00f3n directa a productos qu\u00edmicos fuertes o corrosivos.<\/p>\n","protected":false},"featured_media":2386,"comment_status":"open","ping_status":"closed","template":"","meta":{"site-sidebar-layout":"default","site-content-layout":"default","ast-main-header-display":"","ast-hfb-above-header-display":"","ast-hfb-below-header-display":"","ast-hfb-mobile-header-display":"","site-post-title":"","ast-breadcrumbs-content":"","ast-featured-img":"","footer-sml-layout":"","theme-transparent-header-meta":"default","adv-header-id-meta":"","stick-header-meta":"","header-above-stick-meta":"","header-main-stick-meta":"","header-below-stick-meta":""},"product_brand":[],"product_cat":[26],"product_tag":[],"class_list":{"0":"post-1605","1":"product","2":"type-product","3":"status-publish","4":"has-post-thumbnail","6":"product_cat-proteccion-a-las-manos","8":"first","9":"instock","10":"shipping-taxable","11":"product-type-simple"},"_links":{"self":[{"href":"https:\/\/eyrsecurity.com\/index.php?rest_route=\/wp\/v2\/product\/1605","targetHints":{"allow":["GET"]}}],"collection":[{"href":"https:\/\/eyrsecurity.com\/index.php?rest_route=\/wp\/v2\/product"}],"about":[{"href":"https:\/\/eyrsecurity.com\/index.php?rest_route=\/wp\/v2\/types\/product"}],"replies":[{"embeddable":true,"href":"https:\/\/eyrsecurity.com\/index.php?rest_route=%2Fwp%2Fv2%2Fcomments&post=1605"}],"wp:featuredmedia":[{"embeddable":true,"href":"https:\/\/eyrsecurity.com\/index.php?rest_route=\/wp\/v2\/media\/2386"}],"wp:attachment":[{"href":"https:\/\/eyrsecurity.com\/index.php?rest_route=%2Fwp%2Fv2%2Fmedia&parent=1605"}],"wp:term":[{"taxonomy":"product_brand","embeddable":true,"href":"https:\/\/eyrsecurity.com\/index.php?rest_route=%2Fwp%2Fv2%2Fproduct_brand&post=1605"},{"taxonomy":"product_cat","embeddable":true,"href":"https:\/\/eyrsecurity.com\/index.php?rest_route=%2Fwp%2Fv2%2Fproduct_cat&post=1605"},{"taxonomy":"product_tag","embeddable":true,"href":"https:\/\/eyrsecurity.com\/index.php?rest_route=%2Fwp%2Fv2%2Fproduct_tag&post=1605"}],"curies":[{"name":"wp","href":"https:\/\/api.w.org\/{rel}","templated":true}]}}