{"id":1593,"date":"2021-10-18T05:42:16","date_gmt":"2021-10-18T05:42:16","guid":{"rendered":"https:\/\/eyrsecurity.com\/?post_type=product&#038;p=1593"},"modified":"2022-01-21T03:58:51","modified_gmt":"2022-01-21T03:58:51","slug":"lentes-geminis-clute","status":"publish","type":"product","link":"https:\/\/eyrsecurity.com\/?product=lentes-geminis-clute","title":{"rendered":"LENTES GEMINIS CLUTE"},"content":{"rendered":"<h4 class=\"title-tab\">Descripci\u00f3n<\/h4>\n<p><strong>Lentes Geminis Clute Luna Clara<\/strong>, combinan un estilo moderno y atractivo con un dise\u00f1o envolvente para mejorar la seguridad del usuario, a la vez que proporcionan un amplio campo de visi\u00f3n.<\/p>\n<ul>\n<li>Lente de policarbonato con tratamiento antirayadura y antiempa\u00f1ante.<\/li>\n<li>Marco de nylon color negro.<\/li>\n<li>Ofrece una protecci\u00f3n contra rayos ultravioletas, la radiaci\u00f3n solar excesiva y protecci\u00f3n contra impacto de part\u00edculas de alta velocidad.<\/li>\n<li>Brinda mayor comodidad debido a su reducido peso, pudiendo ser utilizados todo el d\u00eda en diversas \u00e1reas de trabajo.<\/li>\n<li>Ajuste individualizado gracias a la longitud de la patilla regulable (4 posiciones) y al pivot angular, ofreciendo el confort necesario.<\/li>\n<li>Gran comodidad gracias al puente nasal ventilado.<\/li>\n<li>Patillas flexibles para un mejor ajuste en rostros m\u00e1s anchos.<\/li>\n<li>Marca: Clute.<\/li>\n<li>Modelo: Geminis.<\/li>\n<li>Procedencia: Taiwan.<\/li>\n<li>Certificaci\u00f3n: ANSI Z81.1 EN: 170 y EN: 172<\/li>\n<\/ul>\n<h4><strong>Aplicaciones<\/strong><\/h4>\n<ul>\n<li>Miner\u00eda.<\/li>\n<li>Construcci\u00f3n.<\/li>\n<li>Metal mec\u00e1nica.<\/li>\n<li>Forestal.<\/li>\n<li>Agricultura.<\/li>\n<li>Industria y talleres de autom\u00f3viles.<\/li>\n<li>Laboratorios.<\/li>\n<li>Trabajos con madera.<\/li>\n<li>Pintura y decoraci\u00f3n.<\/li>\n<li>Actividades deportivas.<\/li>\n<\/ul>\n","protected":false},"excerpt":{"rendered":"<p><strong>Lentes Geminis Clute Luna Clara<\/strong>, combinan un estilo moderno y atractivo con un dise\u00f1o envolvente para mejorar la seguridad del usuario, a la vez que proporcionan un amplio campo de visi\u00f3n.<\/p>\n","protected":false},"featured_media":2701,"comment_status":"open","ping_status":"closed","template":"","meta":{"site-sidebar-layout":"default","site-content-layout":"default","ast-main-header-display":"","ast-hfb-above-header-display":"","ast-hfb-below-header-display":"","ast-hfb-mobile-header-display":"","site-post-title":"","ast-breadcrumbs-content":"","ast-featured-img":"","footer-sml-layout":"","theme-transparent-header-meta":"default","adv-header-id-meta":"","stick-header-meta":"","header-above-stick-meta":"","header-main-stick-meta":"","header-below-stick-meta":""},"product_brand":[],"product_cat":[23],"product_tag":[],"class_list":{"0":"post-1593","1":"product","2":"type-product","3":"status-publish","4":"has-post-thumbnail","6":"product_cat-proteccion-visual-y-facial","8":"first","9":"instock","10":"shipping-taxable","11":"product-type-simple"},"_links":{"self":[{"href":"https:\/\/eyrsecurity.com\/index.php?rest_route=\/wp\/v2\/product\/1593","targetHints":{"allow":["GET"]}}],"collection":[{"href":"https:\/\/eyrsecurity.com\/index.php?rest_route=\/wp\/v2\/product"}],"about":[{"href":"https:\/\/eyrsecurity.com\/index.php?rest_route=\/wp\/v2\/types\/product"}],"replies":[{"embeddable":true,"href":"https:\/\/eyrsecurity.com\/index.php?rest_route=%2Fwp%2Fv2%2Fcomments&post=1593"}],"wp:featuredmedia":[{"embeddable":true,"href":"https:\/\/eyrsecurity.com\/index.php?rest_route=\/wp\/v2\/media\/2701"}],"wp:attachment":[{"href":"https:\/\/eyrsecurity.com\/index.php?rest_route=%2Fwp%2Fv2%2Fmedia&parent=1593"}],"wp:term":[{"taxonomy":"product_brand","embeddable":true,"href":"https:\/\/eyrsecurity.com\/index.php?rest_route=%2Fwp%2Fv2%2Fproduct_brand&post=1593"},{"taxonomy":"product_cat","embeddable":true,"href":"https:\/\/eyrsecurity.com\/index.php?rest_route=%2Fwp%2Fv2%2Fproduct_cat&post=1593"},{"taxonomy":"product_tag","embeddable":true,"href":"https:\/\/eyrsecurity.com\/index.php?rest_route=%2Fwp%2Fv2%2Fproduct_tag&post=1593"}],"curies":[{"name":"wp","href":"https:\/\/api.w.org\/{rel}","templated":true}]}}