{"id":1590,"date":"2021-10-18T05:42:16","date_gmt":"2021-10-18T05:42:16","guid":{"rendered":"https:\/\/eyrsecurity.com\/?post_type=product&#038;p=1590"},"modified":"2022-01-20T05:08:10","modified_gmt":"2022-01-20T05:08:10","slug":"lentes-msa-maverick-2803221","status":"publish","type":"product","link":"https:\/\/eyrsecurity.com\/?product=lentes-msa-maverick-2803221","title":{"rendered":"LENTES MSA MAVERICK 2803221"},"content":{"rendered":"<h4 class=\"title-tab\">Descripci\u00f3n<\/h4>\n<p><strong>Lentes MSA Maverick<\/strong>\u00a0<strong>2803221,\u00a0<\/strong>gafas de seguridad revolucionarias presentan la mayor protecci\u00f3n contra heridas en la zona de los ojos. Extraordinarios lentes con curvatura de 9.75 proveen m\u00e1s de 180\u00b0 de cobertura, sin la distracci\u00f3n de las tradicionales protecciones laterales o costuras.<\/p>\n<ul>\n<li>Almohadillas nasales especiales aseguran el lente a su rostro sin deslizamiento, proveyendo ademas, un calce suave y c\u00f3modo.<\/li>\n<li>Resistencia a impactos y lentes con tratamiento anti rayaduras o anti empa\u00f1o.<\/li>\n<li>Medio marco y patillas de dise\u00f1o delgadas que ofrecen un peso de solo 27 gramos por par.<\/li>\n<li>4 puntos de ajuste para las patillas.<\/li>\n<li>Los lentes proveen un 99.9% de protecci\u00f3n UV.<\/li>\n<li><strong>Normas :<\/strong>\u00a0ANSI\/ISEA Z87.1-2010.<\/li>\n<li>Marca: MSA<\/li>\n<li>Modelo: Maverick.<\/li>\n<li>Codigo: 2803221.<\/li>\n<\/ul>\n","protected":false},"excerpt":{"rendered":"<p><strong>Lentes MSA Maverick<\/strong>\u00a0<strong>2803221<\/strong>\u00a0de alta tecnolog\u00eda para m\u00e1xima protecci\u00f3n y confort del usuario. Los lentes presentan un dise\u00f1o envolvente que proporciona mayor cobertura para la protecci\u00f3n ocular. \u00a0Para el confort del usuario dispone de un puente nasal universal y almohadillas blandas para la nariz. Las patillas son telesc\u00f3picas regulables. Disponible en modelos con tratamiento antirayadura y antiempa\u00f1o.<\/p>\n","protected":false},"featured_media":2736,"comment_status":"open","ping_status":"closed","template":"","meta":{"site-sidebar-layout":"default","site-content-layout":"default","ast-main-header-display":"","ast-hfb-above-header-display":"","ast-hfb-below-header-display":"","ast-hfb-mobile-header-display":"","site-post-title":"","ast-breadcrumbs-content":"","ast-featured-img":"","footer-sml-layout":"","theme-transparent-header-meta":"default","adv-header-id-meta":"","stick-header-meta":"","header-above-stick-meta":"","header-main-stick-meta":"","header-below-stick-meta":""},"product_brand":[],"product_cat":[23],"product_tag":[],"class_list":{"0":"post-1590","1":"product","2":"type-product","3":"status-publish","4":"has-post-thumbnail","6":"product_cat-proteccion-visual-y-facial","8":"first","9":"instock","10":"shipping-taxable","11":"product-type-simple"},"_links":{"self":[{"href":"https:\/\/eyrsecurity.com\/index.php?rest_route=\/wp\/v2\/product\/1590","targetHints":{"allow":["GET"]}}],"collection":[{"href":"https:\/\/eyrsecurity.com\/index.php?rest_route=\/wp\/v2\/product"}],"about":[{"href":"https:\/\/eyrsecurity.com\/index.php?rest_route=\/wp\/v2\/types\/product"}],"replies":[{"embeddable":true,"href":"https:\/\/eyrsecurity.com\/index.php?rest_route=%2Fwp%2Fv2%2Fcomments&post=1590"}],"wp:featuredmedia":[{"embeddable":true,"href":"https:\/\/eyrsecurity.com\/index.php?rest_route=\/wp\/v2\/media\/2736"}],"wp:attachment":[{"href":"https:\/\/eyrsecurity.com\/index.php?rest_route=%2Fwp%2Fv2%2Fmedia&parent=1590"}],"wp:term":[{"taxonomy":"product_brand","embeddable":true,"href":"https:\/\/eyrsecurity.com\/index.php?rest_route=%2Fwp%2Fv2%2Fproduct_brand&post=1590"},{"taxonomy":"product_cat","embeddable":true,"href":"https:\/\/eyrsecurity.com\/index.php?rest_route=%2Fwp%2Fv2%2Fproduct_cat&post=1590"},{"taxonomy":"product_tag","embeddable":true,"href":"https:\/\/eyrsecurity.com\/index.php?rest_route=%2Fwp%2Fv2%2Fproduct_tag&post=1590"}],"curies":[{"name":"wp","href":"https:\/\/api.w.org\/{rel}","templated":true}]}}