{"id":1576,"date":"2021-10-18T05:42:13","date_gmt":"2021-10-18T05:42:13","guid":{"rendered":"https:\/\/eyrsecurity.com\/?post_type=product&#038;p=1576"},"modified":"2021-10-25T05:20:26","modified_gmt":"2021-10-25T05:20:26","slug":"trajes-descartables-alpha-tec-2300-standard-modelo-iii","status":"publish","type":"product","link":"https:\/\/eyrsecurity.com\/?product=trajes-descartables-alpha-tec-2300-standard-modelo-iii","title":{"rendered":"TRAJES DESCARTABLES ALPHA TEC 2300 STANDARD \u2013 MODELO III"},"content":{"rendered":"<ul>\n<li>Una buena barrera protectora frente a numerosos productos qu\u00edmicos l\u00edquidos inorg\u00e1nicos, incluyendo \u00e1cidos y bases<\/li>\n<li>Ligero y a la vez resistente y duradero<\/li>\n<li>Dise\u00f1ado para proteger, el modelo est\u00e1ndar incluye capucha dise\u00f1ada para uso con respiradora y una solapa cubrecremallera con cierre autoadhesivo<\/li>\n<li>Amarillo brillante altamente visible para mejorar la seguridad de los trabajadores<\/li>\n<li>Antiest\u00e1ticos, probados seg\u00fan EN 1149-5<\/li>\n<\/ul>\n","protected":false},"excerpt":{"rendered":"<p>Barrera qu\u00edmica para trabajos medianamente exigentes, protecci\u00f3n Tipo 5\/6. Una buena barrera protectora frente a numerosos productos qu\u00edmicos l\u00edquidos inorg\u00e1nicos, incluyendo \u00e1cidos y bases, Ligero y a la vez resistente y duradero.<\/p>\n","protected":false},"featured_media":2547,"comment_status":"open","ping_status":"closed","template":"","meta":{"site-sidebar-layout":"default","site-content-layout":"default","ast-main-header-display":"","ast-hfb-above-header-display":"","ast-hfb-below-header-display":"","ast-hfb-mobile-header-display":"","site-post-title":"","ast-breadcrumbs-content":"","ast-featured-img":"","footer-sml-layout":"","theme-transparent-header-meta":"default","adv-header-id-meta":"","stick-header-meta":"","header-above-stick-meta":"","header-main-stick-meta":"","header-below-stick-meta":""},"product_brand":[],"product_cat":[24,33],"product_tag":[],"class_list":{"0":"post-1576","1":"product","2":"type-product","3":"status-publish","4":"has-post-thumbnail","6":"product_cat-bioseguridad-e-higiene","7":"product_cat-ropa-de-seguridad","9":"first","10":"instock","11":"shipping-taxable","12":"product-type-simple"},"_links":{"self":[{"href":"https:\/\/eyrsecurity.com\/index.php?rest_route=\/wp\/v2\/product\/1576","targetHints":{"allow":["GET"]}}],"collection":[{"href":"https:\/\/eyrsecurity.com\/index.php?rest_route=\/wp\/v2\/product"}],"about":[{"href":"https:\/\/eyrsecurity.com\/index.php?rest_route=\/wp\/v2\/types\/product"}],"replies":[{"embeddable":true,"href":"https:\/\/eyrsecurity.com\/index.php?rest_route=%2Fwp%2Fv2%2Fcomments&post=1576"}],"wp:featuredmedia":[{"embeddable":true,"href":"https:\/\/eyrsecurity.com\/index.php?rest_route=\/wp\/v2\/media\/2547"}],"wp:attachment":[{"href":"https:\/\/eyrsecurity.com\/index.php?rest_route=%2Fwp%2Fv2%2Fmedia&parent=1576"}],"wp:term":[{"taxonomy":"product_brand","embeddable":true,"href":"https:\/\/eyrsecurity.com\/index.php?rest_route=%2Fwp%2Fv2%2Fproduct_brand&post=1576"},{"taxonomy":"product_cat","embeddable":true,"href":"https:\/\/eyrsecurity.com\/index.php?rest_route=%2Fwp%2Fv2%2Fproduct_cat&post=1576"},{"taxonomy":"product_tag","embeddable":true,"href":"https:\/\/eyrsecurity.com\/index.php?rest_route=%2Fwp%2Fv2%2Fproduct_tag&post=1576"}],"curies":[{"name":"wp","href":"https:\/\/api.w.org\/{rel}","templated":true}]}}