{"id":1566,"date":"2021-10-18T05:42:13","date_gmt":"2021-10-18T05:42:13","guid":{"rendered":"https:\/\/eyrsecurity.com\/?post_type=product&#038;p=1566"},"modified":"2021-10-25T05:30:11","modified_gmt":"2021-10-25T05:30:11","slug":"buzo-descartable-macroguard-clute","status":"publish","type":"product","link":"https:\/\/eyrsecurity.com\/?product=buzo-descartable-macroguard-clute","title":{"rendered":"BUZO DESCARTABLE MACROGUARD CLUTE"},"content":{"rendered":"<h4>Caracter\u00edsticas<\/h4>\n<p>\u2022 Fabricado con fibra no tejida de polipropileno PP (60%) y polietileno PE (40%)<\/p>\n<p>\u2022 Tratamiento laminado respirable<\/p>\n<p>\u2022 50 g\/m2 de densidad<\/p>\n<p>\u2022 Peso: 160 gr.<\/p>\n","protected":false},"excerpt":{"rendered":"<p>Buzo desechable modelo MACROGUARD, es el nuevo miembro de la familia de la marca CLUTE en ropa de protecci\u00f3n. Los buzos de esta l\u00ednea son de uso limitado e ideales para ser utilizados en ambientes no peligrosos donde pueden proteger a las personas de la penetraci\u00f3n de la suciedad, mugre, part\u00edculas, salpicaduras qu\u00edmicas o derrames<\/p>\n","protected":false},"featured_media":2629,"comment_status":"open","ping_status":"closed","template":"","meta":{"site-sidebar-layout":"default","site-content-layout":"default","ast-main-header-display":"","ast-hfb-above-header-display":"","ast-hfb-below-header-display":"","ast-hfb-mobile-header-display":"","site-post-title":"","ast-breadcrumbs-content":"","ast-featured-img":"","footer-sml-layout":"","theme-transparent-header-meta":"default","adv-header-id-meta":"","stick-header-meta":"","header-above-stick-meta":"","header-main-stick-meta":"","header-below-stick-meta":""},"product_brand":[],"product_cat":[24,33],"product_tag":[],"class_list":{"0":"post-1566","1":"product","2":"type-product","3":"status-publish","4":"has-post-thumbnail","6":"product_cat-bioseguridad-e-higiene","7":"product_cat-ropa-de-seguridad","9":"first","10":"instock","11":"shipping-taxable","12":"product-type-simple"},"_links":{"self":[{"href":"https:\/\/eyrsecurity.com\/index.php?rest_route=\/wp\/v2\/product\/1566","targetHints":{"allow":["GET"]}}],"collection":[{"href":"https:\/\/eyrsecurity.com\/index.php?rest_route=\/wp\/v2\/product"}],"about":[{"href":"https:\/\/eyrsecurity.com\/index.php?rest_route=\/wp\/v2\/types\/product"}],"replies":[{"embeddable":true,"href":"https:\/\/eyrsecurity.com\/index.php?rest_route=%2Fwp%2Fv2%2Fcomments&post=1566"}],"wp:featuredmedia":[{"embeddable":true,"href":"https:\/\/eyrsecurity.com\/index.php?rest_route=\/wp\/v2\/media\/2629"}],"wp:attachment":[{"href":"https:\/\/eyrsecurity.com\/index.php?rest_route=%2Fwp%2Fv2%2Fmedia&parent=1566"}],"wp:term":[{"taxonomy":"product_brand","embeddable":true,"href":"https:\/\/eyrsecurity.com\/index.php?rest_route=%2Fwp%2Fv2%2Fproduct_brand&post=1566"},{"taxonomy":"product_cat","embeddable":true,"href":"https:\/\/eyrsecurity.com\/index.php?rest_route=%2Fwp%2Fv2%2Fproduct_cat&post=1566"},{"taxonomy":"product_tag","embeddable":true,"href":"https:\/\/eyrsecurity.com\/index.php?rest_route=%2Fwp%2Fv2%2Fproduct_tag&post=1566"}],"curies":[{"name":"wp","href":"https:\/\/api.w.org\/{rel}","templated":true}]}}