{"id":1526,"date":"2021-10-18T05:42:09","date_gmt":"2021-10-18T05:42:09","guid":{"rendered":"https:\/\/eyrsecurity.com\/?post_type=product&#038;p=1526"},"modified":"2021-10-24T07:12:58","modified_gmt":"2021-10-24T07:12:58","slug":"bota-rgb-forro-azul-segusa","status":"publish","type":"product","link":"https:\/\/eyrsecurity.com\/?product=bota-rgb-forro-azul-segusa","title":{"rendered":"BOTA RGB FORRO AZUL SEGUSA"},"content":{"rendered":"<ul>\n<li>\n<h4>C\u00f3digos:<\/h4>\n<ul>\n<li>\n<h4>#02010123 (puntera de acero y forro azul),<\/h4>\n<\/li>\n<li>\n<h4>#02010124 (puntera y plantilla de acero forro azul),<\/h4>\n<\/li>\n<li>\n<h4>#02010003 (forro azul sin punta)<\/h4>\n<\/li>\n<\/ul>\n<\/li>\n<li>Altura:36 cm<\/li>\n<li>Forro:dral\u00f3n t\u00e9rmico azul \u00f3 algod\u00f3n<\/li>\n<li>Opcionales: punta de acero y\/o plantilla de acero<\/li>\n<li>Proceso: compression moulding.<\/li>\n<li>Tallas: 38 a 47<\/li>\n<\/ul>\n","protected":false},"excerpt":{"rendered":"<p>Bota de una sola pieza, 100% caucho, antideslizante, reforzada en puntera, tobillo y tal\u00f3n,impermeable y altamente resistente a desgarros y abrasiones.<\/p>\n","protected":false},"featured_media":2214,"comment_status":"open","ping_status":"closed","template":"","meta":{"site-sidebar-layout":"default","site-content-layout":"default","ast-main-header-display":"","ast-hfb-above-header-display":"","ast-hfb-below-header-display":"","ast-hfb-mobile-header-display":"","site-post-title":"","ast-breadcrumbs-content":"","ast-featured-img":"","footer-sml-layout":"","theme-transparent-header-meta":"default","adv-header-id-meta":"","stick-header-meta":"","header-above-stick-meta":"","header-main-stick-meta":"","header-below-stick-meta":""},"product_brand":[],"product_cat":[27,21],"product_tag":[],"class_list":{"0":"post-1526","1":"product","2":"type-product","3":"status-publish","4":"has-post-thumbnail","6":"product_cat-proteccion-a-los-pies","7":"product_cat-proteccion-minera","9":"first","10":"instock","11":"shipping-taxable","12":"product-type-simple"},"_links":{"self":[{"href":"https:\/\/eyrsecurity.com\/index.php?rest_route=\/wp\/v2\/product\/1526","targetHints":{"allow":["GET"]}}],"collection":[{"href":"https:\/\/eyrsecurity.com\/index.php?rest_route=\/wp\/v2\/product"}],"about":[{"href":"https:\/\/eyrsecurity.com\/index.php?rest_route=\/wp\/v2\/types\/product"}],"replies":[{"embeddable":true,"href":"https:\/\/eyrsecurity.com\/index.php?rest_route=%2Fwp%2Fv2%2Fcomments&post=1526"}],"wp:featuredmedia":[{"embeddable":true,"href":"https:\/\/eyrsecurity.com\/index.php?rest_route=\/wp\/v2\/media\/2214"}],"wp:attachment":[{"href":"https:\/\/eyrsecurity.com\/index.php?rest_route=%2Fwp%2Fv2%2Fmedia&parent=1526"}],"wp:term":[{"taxonomy":"product_brand","embeddable":true,"href":"https:\/\/eyrsecurity.com\/index.php?rest_route=%2Fwp%2Fv2%2Fproduct_brand&post=1526"},{"taxonomy":"product_cat","embeddable":true,"href":"https:\/\/eyrsecurity.com\/index.php?rest_route=%2Fwp%2Fv2%2Fproduct_cat&post=1526"},{"taxonomy":"product_tag","embeddable":true,"href":"https:\/\/eyrsecurity.com\/index.php?rest_route=%2Fwp%2Fv2%2Fproduct_tag&post=1526"}],"curies":[{"name":"wp","href":"https:\/\/api.w.org\/{rel}","templated":true}]}}