{"id":1516,"date":"2021-10-18T05:42:07","date_gmt":"2021-10-18T05:42:07","guid":{"rendered":"https:\/\/eyrsecurity.com\/?post_type=product&#038;p=1516"},"modified":"2021-10-24T07:05:24","modified_gmt":"2021-10-24T07:05:24","slug":"zapato-seguridad-rimini-4-s1p-src-delta-plus","status":"publish","type":"product","link":"https:\/\/eyrsecurity.com\/?product=zapato-seguridad-rimini-4-s1p-src-delta-plus","title":{"rendered":"ZAPATO SEGURIDAD RIMINI 4 S1P SRC DELTA PLUS"},"content":{"rendered":"<h4>Caracter\u00edsticas<\/h4>\n<ul>\n<li>Zapato de seguridad<\/li>\n<li>Forro de poliamida absorbente<\/li>\n<li>Dispone de una plantilla interior amovible<\/li>\n<li>Poli\u00e9ster sobre EVA<\/li>\n<li>Suela antideslizante<\/li>\n<li>Protecci\u00f3n contra electricidad est\u00e1tica<\/li>\n<\/ul>\n<p><strong>S1P<\/strong>: Tiene propiedades fundamentales, la parte trasera es cerrada, propiedades antiest\u00e1ticas y absorci\u00f3n de energ\u00eda en el tal\u00f3n del zapato.<\/p>\n<p><strong>SRC<\/strong>: Es un zapato de seguridad con alta resistencia al deslizamiento en todo tipo de suelos duros para usos polivalentes en interiores o exteriores.<\/p>\n<p>Colores: Azul Marino<\/p>\n<p>Tallas : 39 &#8211; 45<\/p>\n","protected":false},"excerpt":{"rendered":"<p>Zapato serraje naranja Rimini 4 S1P SRC con forro de poliamida absorbente en azul marino con suela naranja.<\/p>\n","protected":false},"featured_media":2271,"comment_status":"open","ping_status":"closed","template":"","meta":{"site-sidebar-layout":"default","site-content-layout":"default","ast-main-header-display":"","ast-hfb-above-header-display":"","ast-hfb-below-header-display":"","ast-hfb-mobile-header-display":"","site-post-title":"","ast-breadcrumbs-content":"","ast-featured-img":"","footer-sml-layout":"","theme-transparent-header-meta":"default","adv-header-id-meta":"","stick-header-meta":"","header-above-stick-meta":"","header-main-stick-meta":"","header-below-stick-meta":""},"product_brand":[],"product_cat":[27],"product_tag":[],"class_list":{"0":"post-1516","1":"product","2":"type-product","3":"status-publish","4":"has-post-thumbnail","6":"product_cat-proteccion-a-los-pies","8":"first","9":"instock","10":"shipping-taxable","11":"product-type-simple"},"_links":{"self":[{"href":"https:\/\/eyrsecurity.com\/index.php?rest_route=\/wp\/v2\/product\/1516","targetHints":{"allow":["GET"]}}],"collection":[{"href":"https:\/\/eyrsecurity.com\/index.php?rest_route=\/wp\/v2\/product"}],"about":[{"href":"https:\/\/eyrsecurity.com\/index.php?rest_route=\/wp\/v2\/types\/product"}],"replies":[{"embeddable":true,"href":"https:\/\/eyrsecurity.com\/index.php?rest_route=%2Fwp%2Fv2%2Fcomments&post=1516"}],"wp:featuredmedia":[{"embeddable":true,"href":"https:\/\/eyrsecurity.com\/index.php?rest_route=\/wp\/v2\/media\/2271"}],"wp:attachment":[{"href":"https:\/\/eyrsecurity.com\/index.php?rest_route=%2Fwp%2Fv2%2Fmedia&parent=1516"}],"wp:term":[{"taxonomy":"product_brand","embeddable":true,"href":"https:\/\/eyrsecurity.com\/index.php?rest_route=%2Fwp%2Fv2%2Fproduct_brand&post=1516"},{"taxonomy":"product_cat","embeddable":true,"href":"https:\/\/eyrsecurity.com\/index.php?rest_route=%2Fwp%2Fv2%2Fproduct_cat&post=1516"},{"taxonomy":"product_tag","embeddable":true,"href":"https:\/\/eyrsecurity.com\/index.php?rest_route=%2Fwp%2Fv2%2Fproduct_tag&post=1516"}],"curies":[{"name":"wp","href":"https:\/\/api.w.org\/{rel}","templated":true}]}}