{"id":1501,"date":"2021-10-18T05:42:06","date_gmt":"2021-10-18T05:42:06","guid":{"rendered":"https:\/\/eyrsecurity.com\/?post_type=product&#038;p=1501"},"modified":"2021-10-24T18:48:27","modified_gmt":"2021-10-24T18:48:27","slug":"guante-showa-377-nitrilo","status":"publish","type":"product","link":"https:\/\/eyrsecurity.com\/?product=guante-showa-377-nitrilo","title":{"rendered":"GUANTE SHOWA 377 NITRILO"},"content":{"rendered":"<h4>Aplicaciones<\/h4>\n<ul>\n<li>Mantenimiento<\/li>\n<li>Contacto limitado con Qu\u00edmicos<\/li>\n<li>Automotriz<\/li>\n<li>Refiner\u00edas<\/li>\n<li>Ensamble de Maquinaria<\/li>\n<li>Inspecci\u00f3n<\/li>\n<li>Mec\u00e1nicos Manejo de objetos con aceite<\/li>\n<\/ul>\n","protected":false},"excerpt":{"rendered":"<p>El SHOWA 377 es un guante totalmente recubierto de Nitrilo. Construido mediante una capa delgada de nitrilo azul que proporciona una protecci\u00f3n al aceite y qu\u00edmicos limitada. Con una palma de \u201cespuma\u201d encima de color negra, para un buen agarre en aplicaciones con grasa o aceite.<br \/>\nProvee muy buena comodidad y destreza para trabajos finos. Su pu\u00f1o el\u00e1stico mantiene la mano en su lugar y brinda un mejor ajuste.<br \/>\nPor su dise\u00f1o de construcci\u00f3n es un guante que ofrece una buena resistencia, pero brinda la precisi\u00f3n necesaria para realizar trabajos<br \/>\nen condiciones demandantes.<br \/>\nLavarlo a 40\u00baC (104\u00baF) usando detergente neutro.<\/p>\n","protected":false},"featured_media":2391,"comment_status":"open","ping_status":"closed","template":"","meta":{"site-sidebar-layout":"default","site-content-layout":"default","ast-main-header-display":"","ast-hfb-above-header-display":"","ast-hfb-below-header-display":"","ast-hfb-mobile-header-display":"","site-post-title":"","ast-breadcrumbs-content":"","ast-featured-img":"","footer-sml-layout":"","theme-transparent-header-meta":"default","adv-header-id-meta":"","stick-header-meta":"","header-above-stick-meta":"","header-main-stick-meta":"","header-below-stick-meta":""},"product_brand":[],"product_cat":[26],"product_tag":[],"class_list":{"0":"post-1501","1":"product","2":"type-product","3":"status-publish","4":"has-post-thumbnail","6":"product_cat-proteccion-a-las-manos","8":"first","9":"instock","10":"shipping-taxable","11":"product-type-simple"},"_links":{"self":[{"href":"https:\/\/eyrsecurity.com\/index.php?rest_route=\/wp\/v2\/product\/1501","targetHints":{"allow":["GET"]}}],"collection":[{"href":"https:\/\/eyrsecurity.com\/index.php?rest_route=\/wp\/v2\/product"}],"about":[{"href":"https:\/\/eyrsecurity.com\/index.php?rest_route=\/wp\/v2\/types\/product"}],"replies":[{"embeddable":true,"href":"https:\/\/eyrsecurity.com\/index.php?rest_route=%2Fwp%2Fv2%2Fcomments&post=1501"}],"wp:featuredmedia":[{"embeddable":true,"href":"https:\/\/eyrsecurity.com\/index.php?rest_route=\/wp\/v2\/media\/2391"}],"wp:attachment":[{"href":"https:\/\/eyrsecurity.com\/index.php?rest_route=%2Fwp%2Fv2%2Fmedia&parent=1501"}],"wp:term":[{"taxonomy":"product_brand","embeddable":true,"href":"https:\/\/eyrsecurity.com\/index.php?rest_route=%2Fwp%2Fv2%2Fproduct_brand&post=1501"},{"taxonomy":"product_cat","embeddable":true,"href":"https:\/\/eyrsecurity.com\/index.php?rest_route=%2Fwp%2Fv2%2Fproduct_cat&post=1501"},{"taxonomy":"product_tag","embeddable":true,"href":"https:\/\/eyrsecurity.com\/index.php?rest_route=%2Fwp%2Fv2%2Fproduct_tag&post=1501"}],"curies":[{"name":"wp","href":"https:\/\/api.w.org\/{rel}","templated":true}]}}