{"id":1487,"date":"2021-10-18T05:42:04","date_gmt":"2021-10-18T05:42:04","guid":{"rendered":"https:\/\/eyrsecurity.com\/?post_type=product&#038;p=1487"},"modified":"2021-10-25T01:05:51","modified_gmt":"2021-10-25T01:05:51","slug":"respirador-descartable-n95-m920-steelpro","status":"publish","type":"product","link":"https:\/\/eyrsecurity.com\/?product=respirador-descartable-n95-m920-steelpro","title":{"rendered":"RESPIRADOR DESCARTABLE N95 M920 STEELPRO"},"content":{"rendered":"<h4 class=\"title-tab\">Descripci\u00f3n<\/h4>\n<ul>\n<li>Las l\u00e1minas externas e internas est\u00e1n desarrolladas en poli\u00e9ster.<\/li>\n<li>La lamina filtrante est\u00e1 desarrollada en fibras de polipropileno tratadas electrost\u00e1ticamente para mayor nivel de filtraci\u00f3n.<\/li>\n<li>Bandas el\u00e1sticas de poli\u00e9ster.<\/li>\n<li>Dise\u00f1o ultra liviano y ergon\u00f3mico.<\/li>\n<li>Clip nasal en aluminio para mayor ajuste.<\/li>\n<li>Suave y confortable sello nasal interno.<\/li>\n<li>Doble Banda el\u00e1stica textil sin clips met\u00e1licos (no requieren pre \u2013 estiramiento).<\/li>\n<li>C\u00f3modo y de f\u00e1cil ajuste.<\/li>\n<li>Peso Respirador 10 g.<\/li>\n<li>Aprobado NIOSH N95 (Est\u00e1ndar 42CFR84).<\/li>\n<\/ul>\n","protected":false},"excerpt":{"rendered":"<p>Respirador para material particulado de libre mantenimiento termoformado y termosellado, dise\u00f1ado para lograr una mayor comodidad al mismo tiempo que una adecuada protecci\u00f3n al usuario en \u00e1reas d\u00f3nde se requiera obtener confort al respirar. Permite la filtraci\u00f3n de material particulado libre de aceites hasta un tama\u00f1o de 0.3 \u03bcm (micrones) y el uso conjunto con protecci\u00f3n respiratoria, auditiva y visual complementaria.<\/p>\n","protected":false},"featured_media":2510,"comment_status":"open","ping_status":"closed","template":"","meta":{"site-sidebar-layout":"default","site-content-layout":"default","ast-main-header-display":"","ast-hfb-above-header-display":"","ast-hfb-below-header-display":"","ast-hfb-mobile-header-display":"","site-post-title":"","ast-breadcrumbs-content":"","ast-featured-img":"","footer-sml-layout":"","theme-transparent-header-meta":"default","adv-header-id-meta":"","stick-header-meta":"","header-above-stick-meta":"","header-main-stick-meta":"","header-below-stick-meta":""},"product_brand":[],"product_cat":[24,25],"product_tag":[],"class_list":{"0":"post-1487","1":"product","2":"type-product","3":"status-publish","4":"has-post-thumbnail","6":"product_cat-bioseguridad-e-higiene","7":"product_cat-proteccion-respiratoria","9":"first","10":"instock","11":"shipping-taxable","12":"product-type-simple"},"_links":{"self":[{"href":"https:\/\/eyrsecurity.com\/index.php?rest_route=\/wp\/v2\/product\/1487","targetHints":{"allow":["GET"]}}],"collection":[{"href":"https:\/\/eyrsecurity.com\/index.php?rest_route=\/wp\/v2\/product"}],"about":[{"href":"https:\/\/eyrsecurity.com\/index.php?rest_route=\/wp\/v2\/types\/product"}],"replies":[{"embeddable":true,"href":"https:\/\/eyrsecurity.com\/index.php?rest_route=%2Fwp%2Fv2%2Fcomments&post=1487"}],"wp:featuredmedia":[{"embeddable":true,"href":"https:\/\/eyrsecurity.com\/index.php?rest_route=\/wp\/v2\/media\/2510"}],"wp:attachment":[{"href":"https:\/\/eyrsecurity.com\/index.php?rest_route=%2Fwp%2Fv2%2Fmedia&parent=1487"}],"wp:term":[{"taxonomy":"product_brand","embeddable":true,"href":"https:\/\/eyrsecurity.com\/index.php?rest_route=%2Fwp%2Fv2%2Fproduct_brand&post=1487"},{"taxonomy":"product_cat","embeddable":true,"href":"https:\/\/eyrsecurity.com\/index.php?rest_route=%2Fwp%2Fv2%2Fproduct_cat&post=1487"},{"taxonomy":"product_tag","embeddable":true,"href":"https:\/\/eyrsecurity.com\/index.php?rest_route=%2Fwp%2Fv2%2Fproduct_tag&post=1487"}],"curies":[{"name":"wp","href":"https:\/\/api.w.org\/{rel}","templated":true}]}}