{"id":1486,"date":"2021-10-18T05:42:04","date_gmt":"2021-10-18T05:42:04","guid":{"rendered":"https:\/\/eyrsecurity.com\/?post_type=product&#038;p=1486"},"modified":"2021-10-25T01:05:06","modified_gmt":"2021-10-25T01:05:06","slug":"mascarilla-modelo-8001-n95-segpro","status":"publish","type":"product","link":"https:\/\/eyrsecurity.com\/?product=mascarilla-modelo-8001-n95-segpro","title":{"rendered":"MASCARILLA MOD.\u00a08001 N95 SEGPRO\u00a0"},"content":{"rendered":"<p>Protecci\u00f3n: Protecci\u00f3n de Part\u00edculas libres de aceite<br \/>\nComodidad: Forro con material agradable a la piel, clip nasal ajustable<br \/>\nMaterial: Las l\u00e1minas externas e internas est\u00e1n desarrolladas en poli\u00e9ster, la lamina filtrante est\u00e1 desarrollada en fibras de polipropileno tratadas electrost\u00e1ticamente para mayor nivel de filtraci\u00f3n. Bandas el\u00e1sticas de poli\u00e9ster y clip nasal de metal.<br \/>\nDise\u00f1o: Ultra liviano y ergon\u00f3mico<br \/>\nPeso: 10g<br \/>\nNota: No debe usarse en atm\u00f3sferas que contengan menos del 19,5% de ox\u00edgeno.<\/p>\n","protected":false},"excerpt":{"rendered":"<p>Protecci\u00f3n: Protecci\u00f3n de Part\u00edculas libres de aceite Comodidad: Forro con material agradable a la piel, clip nasal ajustable Material: Las l\u00e1minas externas e internas est\u00e1n desarrolladas en poli\u00e9ster, la lamina filtrante est\u00e1 desarrollada en fibras de polipropileno tratadas electrost\u00e1ticamente para mayor nivel de filtraci\u00f3n. Bandas el\u00e1sticas de poli\u00e9ster y clip nasal de metal. Dise\u00f1o: Ultra &hellip;<\/p>\n<p class=\"read-more\"> <a class=\"\" href=\"https:\/\/eyrsecurity.com\/?product=mascarilla-modelo-8001-n95-segpro\"> <span class=\"screen-reader-text\">MASCARILLA MOD.\u00a08001 N95 SEGPRO\u00a0<\/span> Leer m\u00e1s &raquo;<\/a><\/p>\n","protected":false},"featured_media":2477,"comment_status":"open","ping_status":"closed","template":"","meta":{"site-sidebar-layout":"default","site-content-layout":"default","ast-main-header-display":"","ast-hfb-above-header-display":"","ast-hfb-below-header-display":"","ast-hfb-mobile-header-display":"","site-post-title":"","ast-breadcrumbs-content":"","ast-featured-img":"","footer-sml-layout":"","theme-transparent-header-meta":"default","adv-header-id-meta":"","stick-header-meta":"","header-above-stick-meta":"","header-main-stick-meta":"","header-below-stick-meta":""},"product_brand":[],"product_cat":[24,25],"product_tag":[],"class_list":{"0":"post-1486","1":"product","2":"type-product","3":"status-publish","4":"has-post-thumbnail","6":"product_cat-bioseguridad-e-higiene","7":"product_cat-proteccion-respiratoria","9":"first","10":"instock","11":"shipping-taxable","12":"product-type-simple"},"_links":{"self":[{"href":"https:\/\/eyrsecurity.com\/index.php?rest_route=\/wp\/v2\/product\/1486","targetHints":{"allow":["GET"]}}],"collection":[{"href":"https:\/\/eyrsecurity.com\/index.php?rest_route=\/wp\/v2\/product"}],"about":[{"href":"https:\/\/eyrsecurity.com\/index.php?rest_route=\/wp\/v2\/types\/product"}],"replies":[{"embeddable":true,"href":"https:\/\/eyrsecurity.com\/index.php?rest_route=%2Fwp%2Fv2%2Fcomments&post=1486"}],"wp:featuredmedia":[{"embeddable":true,"href":"https:\/\/eyrsecurity.com\/index.php?rest_route=\/wp\/v2\/media\/2477"}],"wp:attachment":[{"href":"https:\/\/eyrsecurity.com\/index.php?rest_route=%2Fwp%2Fv2%2Fmedia&parent=1486"}],"wp:term":[{"taxonomy":"product_brand","embeddable":true,"href":"https:\/\/eyrsecurity.com\/index.php?rest_route=%2Fwp%2Fv2%2Fproduct_brand&post=1486"},{"taxonomy":"product_cat","embeddable":true,"href":"https:\/\/eyrsecurity.com\/index.php?rest_route=%2Fwp%2Fv2%2Fproduct_cat&post=1486"},{"taxonomy":"product_tag","embeddable":true,"href":"https:\/\/eyrsecurity.com\/index.php?rest_route=%2Fwp%2Fv2%2Fproduct_tag&post=1486"}],"curies":[{"name":"wp","href":"https:\/\/api.w.org\/{rel}","templated":true}]}}