{"id":1469,"date":"2021-10-18T05:42:03","date_gmt":"2021-10-18T05:42:03","guid":{"rendered":"https:\/\/eyrsecurity.com\/?post_type=product&#038;p=1469"},"modified":"2021-10-25T01:22:42","modified_gmt":"2021-10-25T01:22:42","slug":"respirador-3m-7502-de-silicona-suavizada-asa","status":"publish","type":"product","link":"https:\/\/eyrsecurity.com\/?product=respirador-3m-7502-de-silicona-suavizada-asa","title":{"rendered":"RESPIRADOR 3M 7502 DE SILICONA SUAVIZADA ASA"},"content":{"rendered":"<h2 class=\"title-tab\">Descripci\u00f3n<\/h2>\n<ul>\n<li>\u00a0La mascarilla media cara siliconada le va brindar una protecci\u00f3n m\u00e1s c\u00f3moda y su material est\u00e1 dise\u00f1ado para ser m\u00e1s duradero.<\/li>\n<li>El peso del respirador con filtros (MARCA ASA): Aprox. 295.50 gr. y el peso eso de la mascarilla sin filtros: Aprox. 125.7gr.<\/li>\n<li>Nuestro respirador puede ser utilizado con diferentes tipos de cartucho o filtros para poder ser utilizado en las diferentes protecciones que los filtros nos ofrecen.<\/li>\n<li>Su dise\u00f1o ofrece una mejor visibilidad al usuario, tambi\u00e9n ayuda a disminuir la fatiga; a su vez tiene la v\u00e1lvula de exhalaci\u00f3n que ofrece una salida m\u00e1s r\u00e1pida del aire caliente.<\/li>\n<\/ul>\n<h2>Certificacion<\/h2>\n<p>La media m\u00e1scara cuenta con la certificaci\u00f3n europea CE EN 140. En la caja de la mascarilla hace menci\u00f3n que tiene esta norma.<\/p>\n","protected":false},"excerpt":{"rendered":"<p>Los respiradores de la Serie 7500 son piezas faciales reutilizables con componentes reemplazables unidos mediante el sistema de conexi\u00f3n de bayoneta Compatible con todo los cartuchos de linea 3m<\/p>\n","protected":false},"featured_media":2505,"comment_status":"open","ping_status":"closed","template":"","meta":{"site-sidebar-layout":"default","site-content-layout":"default","ast-main-header-display":"","ast-hfb-above-header-display":"","ast-hfb-below-header-display":"","ast-hfb-mobile-header-display":"","site-post-title":"","ast-breadcrumbs-content":"","ast-featured-img":"","footer-sml-layout":"","theme-transparent-header-meta":"default","adv-header-id-meta":"","stick-header-meta":"","header-above-stick-meta":"","header-main-stick-meta":"","header-below-stick-meta":""},"product_brand":[],"product_cat":[24,25],"product_tag":[],"class_list":{"0":"post-1469","1":"product","2":"type-product","3":"status-publish","4":"has-post-thumbnail","6":"product_cat-bioseguridad-e-higiene","7":"product_cat-proteccion-respiratoria","9":"first","10":"instock","11":"shipping-taxable","12":"product-type-simple"},"_links":{"self":[{"href":"https:\/\/eyrsecurity.com\/index.php?rest_route=\/wp\/v2\/product\/1469","targetHints":{"allow":["GET"]}}],"collection":[{"href":"https:\/\/eyrsecurity.com\/index.php?rest_route=\/wp\/v2\/product"}],"about":[{"href":"https:\/\/eyrsecurity.com\/index.php?rest_route=\/wp\/v2\/types\/product"}],"replies":[{"embeddable":true,"href":"https:\/\/eyrsecurity.com\/index.php?rest_route=%2Fwp%2Fv2%2Fcomments&post=1469"}],"wp:featuredmedia":[{"embeddable":true,"href":"https:\/\/eyrsecurity.com\/index.php?rest_route=\/wp\/v2\/media\/2505"}],"wp:attachment":[{"href":"https:\/\/eyrsecurity.com\/index.php?rest_route=%2Fwp%2Fv2%2Fmedia&parent=1469"}],"wp:term":[{"taxonomy":"product_brand","embeddable":true,"href":"https:\/\/eyrsecurity.com\/index.php?rest_route=%2Fwp%2Fv2%2Fproduct_brand&post=1469"},{"taxonomy":"product_cat","embeddable":true,"href":"https:\/\/eyrsecurity.com\/index.php?rest_route=%2Fwp%2Fv2%2Fproduct_cat&post=1469"},{"taxonomy":"product_tag","embeddable":true,"href":"https:\/\/eyrsecurity.com\/index.php?rest_route=%2Fwp%2Fv2%2Fproduct_tag&post=1469"}],"curies":[{"name":"wp","href":"https:\/\/api.w.org\/{rel}","templated":true}]}}