{"id":1462,"date":"2021-10-18T05:42:00","date_gmt":"2021-10-18T05:42:00","guid":{"rendered":"https:\/\/eyrsecurity.com\/?post_type=product&#038;p=1462"},"modified":"2021-10-25T01:23:18","modified_gmt":"2021-10-25T01:23:18","slug":"mascarilla-r-10-n95-kimberly-clark","status":"publish","type":"product","link":"https:\/\/eyrsecurity.com\/?product=mascarilla-r-10-n95-kimberly-clark","title":{"rendered":"MASCARILLA R-10 N95 KIMBERLY CLARK"},"content":{"rendered":"<p><u><strong>Aplicaciones:<\/strong><\/u><\/p>\n<p>Los respiradores Jackson Safety* R10 se deben usar en sitios donde el usuario este expuesto a riesgos respiratorios tales como: material particulado como polvo, humos y neblinas. Es muy importante conocer el proceso y los riesgos a los que esta expuesta la persona para poder definir el producto de protecci\u00f3n adecuado. A continuaci\u00f3n se enuncian algunos ejemplos de aplicaciones y usos:<\/p>\n<p>&#8211; Molienda<\/p>\n<p>\u00b7 Pintura ocasional (no spray)<\/p>\n<p>&#8211; Lijado<\/p>\n<p>&#8211; Barrido<\/p>\n<p>&#8211; Trabajos con madera Caracter\u00edsticas<\/p>\n<p>&#8211; Cumple con los requerimientos de NIOSH (42 CFR 84) y EN 149:2001 como respiradores purificadores de aire. o Filtran al menos el 95% de part\u00edculas de tama\u00f1o 0.3 micrones a un flujo de 85 L\/min (NIOSH N95). o Certificaci\u00f3n NIOSH TC 84A-4539 para el respirador R10 N95 sin v\u00e1lvula (Oasis 64230).<\/p>\n<p>&#8211; Suave espuma para un mejor sellado en la nariz. \u00b7 Bandas el\u00e1sticas tejidas de colores, para f\u00e1cil reconocimiento de la serie.<\/p>\n<p>&#8211; Bandas el\u00e1sticas adheridas al material filtrante por ultrasonido. \u00b7 Banda met\u00e1lica ajustable para proveer mayor sello nasal.<\/p>\n<p><u><strong>Materiales:<\/strong><\/u><\/p>\n<p>&#8211; Los respiradores Jackson Safety* no contienen l\u00e1tex.<\/p>\n<p>&#8211; Las capas externa e interna de los respiradores est\u00e1n cubiertas en poli\u00e9ster.<\/p>\n<p>&#8211; Capa filtrante hecha en fibras de polipropileno tratadas electrost\u00e1ticamente para mayor nivel de filtraci\u00f3n.<\/p>\n<p>&#8211; Bandas el\u00e1sticas tejidas de poli\u00e9ster.<\/p>\n<p>&#8211; Banda en aluminio pegada con adhesivo EVA.<\/p>\n<p>&#8211; V\u00e1lvula de los respiradores (ref. 30207708) est\u00e1n hechas en pl\u00e1stico ABS con un diafragma de silicona.<\/p>\n<p>&#8211; Almohadilla para el sello nasal hecho en espuma de celda cerrada.<\/p>\n","protected":false},"excerpt":{"rendered":"<p>El respirador de libre mantenimiento Jackson Safety* R10 (30196047) es ideal para proteger a las personas contra riesgos respiratorios tales como polvos, humos y neblinas. Con v\u00e1lvula para liberar el aire caliente de exhalaci\u00f3n (ref. 30207708). Los respiradores Jackson Safety R10 tienen nivel de protecci\u00f3n de acuerdo a la NIOSH 42 CFR 84 de N95 y FFP1, de acuerdo a la EN 149:2001.<\/p>\n","protected":false},"featured_media":2511,"comment_status":"open","ping_status":"closed","template":"","meta":{"site-sidebar-layout":"default","site-content-layout":"default","ast-main-header-display":"","ast-hfb-above-header-display":"","ast-hfb-below-header-display":"","ast-hfb-mobile-header-display":"","site-post-title":"","ast-breadcrumbs-content":"","ast-featured-img":"","footer-sml-layout":"","theme-transparent-header-meta":"default","adv-header-id-meta":"","stick-header-meta":"","header-above-stick-meta":"","header-main-stick-meta":"","header-below-stick-meta":""},"product_brand":[],"product_cat":[24,25],"product_tag":[],"class_list":{"0":"post-1462","1":"product","2":"type-product","3":"status-publish","4":"has-post-thumbnail","6":"product_cat-bioseguridad-e-higiene","7":"product_cat-proteccion-respiratoria","9":"first","10":"instock","11":"shipping-taxable","12":"product-type-simple"},"_links":{"self":[{"href":"https:\/\/eyrsecurity.com\/index.php?rest_route=\/wp\/v2\/product\/1462","targetHints":{"allow":["GET"]}}],"collection":[{"href":"https:\/\/eyrsecurity.com\/index.php?rest_route=\/wp\/v2\/product"}],"about":[{"href":"https:\/\/eyrsecurity.com\/index.php?rest_route=\/wp\/v2\/types\/product"}],"replies":[{"embeddable":true,"href":"https:\/\/eyrsecurity.com\/index.php?rest_route=%2Fwp%2Fv2%2Fcomments&post=1462"}],"wp:featuredmedia":[{"embeddable":true,"href":"https:\/\/eyrsecurity.com\/index.php?rest_route=\/wp\/v2\/media\/2511"}],"wp:attachment":[{"href":"https:\/\/eyrsecurity.com\/index.php?rest_route=%2Fwp%2Fv2%2Fmedia&parent=1462"}],"wp:term":[{"taxonomy":"product_brand","embeddable":true,"href":"https:\/\/eyrsecurity.com\/index.php?rest_route=%2Fwp%2Fv2%2Fproduct_brand&post=1462"},{"taxonomy":"product_cat","embeddable":true,"href":"https:\/\/eyrsecurity.com\/index.php?rest_route=%2Fwp%2Fv2%2Fproduct_cat&post=1462"},{"taxonomy":"product_tag","embeddable":true,"href":"https:\/\/eyrsecurity.com\/index.php?rest_route=%2Fwp%2Fv2%2Fproduct_tag&post=1462"}],"curies":[{"name":"wp","href":"https:\/\/api.w.org\/{rel}","templated":true}]}}