{"id":1459,"date":"2021-10-18T05:42:00","date_gmt":"2021-10-18T05:42:00","guid":{"rendered":"https:\/\/eyrsecurity.com\/?post_type=product&#038;p=1459"},"modified":"2021-10-23T01:09:06","modified_gmt":"2021-10-23T01:09:06","slug":"tapon-auditivo-confort-2000-segpro","status":"publish","type":"product","link":"https:\/\/eyrsecurity.com\/?product=tapon-auditivo-confort-2000-segpro","title":{"rendered":"TAPON AUDITIVO CONFORT 2000 SEGPRO"},"content":{"rendered":"<ul>\n<li>Material: Fabricado en PVC siliconado hipoalerg\u00e9nico, cordones de Nylon.<\/li>\n<li>Protecci\u00f3n: Se brindan una efectiva e higi\u00e9nica protecci\u00f3n a los trabajadores que se desempe\u00f1an en \u00e1reas donde los niveles de ruido superan los 85db, atenuaci\u00f3n SNR 30 Db \/ NRR 25 Db.<\/li>\n<li>Dise\u00f1o: Conico y de triple aleta, para permitir la inserci\u00f3n y ajuste.<\/li>\n<li>Resistencia: Resistente a rayos UV, agentes atmosf\u00e9ricos y el estiramiento.<\/li>\n<li>Presentaci\u00f3n: En bolsa, caja azul individividual y caja x 100 unidades en bolsa<\/li>\n<li>Peso: 55 gramos.<\/li>\n<li>Certificaci\u00f3n: Seg\u00fan las normas ISO 4869, ANSI S3.19\/S12.6, EN 352.<\/li>\n<\/ul>\n","protected":false},"excerpt":{"rendered":"<p>Los tapones auditivos SEGPRO, modelo confort 2000, son hechos en pvc siliconado reutilizable, con cord\u00f3n, material antial\u00e9rgico, suave con 3 membranas que sellan el canal auditivo. de f\u00e1cil uso y comodos. f\u00e1cil almacenamiento, manipulaci\u00f3n, higiene y conservaci\u00f3n del producto.<\/p>\n","protected":false},"featured_media":2164,"comment_status":"open","ping_status":"closed","template":"","meta":{"site-sidebar-layout":"default","site-content-layout":"default","ast-main-header-display":"","ast-hfb-above-header-display":"","ast-hfb-below-header-display":"","ast-hfb-mobile-header-display":"","site-post-title":"","ast-breadcrumbs-content":"","ast-featured-img":"","footer-sml-layout":"","theme-transparent-header-meta":"default","adv-header-id-meta":"","stick-header-meta":"","header-above-stick-meta":"","header-main-stick-meta":"","header-below-stick-meta":""},"product_brand":[],"product_cat":[22],"product_tag":[],"class_list":{"0":"post-1459","1":"product","2":"type-product","3":"status-publish","4":"has-post-thumbnail","6":"product_cat-proteccion-auditiva","8":"first","9":"instock","10":"shipping-taxable","11":"product-type-simple"},"_links":{"self":[{"href":"https:\/\/eyrsecurity.com\/index.php?rest_route=\/wp\/v2\/product\/1459","targetHints":{"allow":["GET"]}}],"collection":[{"href":"https:\/\/eyrsecurity.com\/index.php?rest_route=\/wp\/v2\/product"}],"about":[{"href":"https:\/\/eyrsecurity.com\/index.php?rest_route=\/wp\/v2\/types\/product"}],"replies":[{"embeddable":true,"href":"https:\/\/eyrsecurity.com\/index.php?rest_route=%2Fwp%2Fv2%2Fcomments&post=1459"}],"wp:featuredmedia":[{"embeddable":true,"href":"https:\/\/eyrsecurity.com\/index.php?rest_route=\/wp\/v2\/media\/2164"}],"wp:attachment":[{"href":"https:\/\/eyrsecurity.com\/index.php?rest_route=%2Fwp%2Fv2%2Fmedia&parent=1459"}],"wp:term":[{"taxonomy":"product_brand","embeddable":true,"href":"https:\/\/eyrsecurity.com\/index.php?rest_route=%2Fwp%2Fv2%2Fproduct_brand&post=1459"},{"taxonomy":"product_cat","embeddable":true,"href":"https:\/\/eyrsecurity.com\/index.php?rest_route=%2Fwp%2Fv2%2Fproduct_cat&post=1459"},{"taxonomy":"product_tag","embeddable":true,"href":"https:\/\/eyrsecurity.com\/index.php?rest_route=%2Fwp%2Fv2%2Fproduct_tag&post=1459"}],"curies":[{"name":"wp","href":"https:\/\/api.w.org\/{rel}","templated":true}]}}