{"id":1455,"date":"2021-10-18T05:42:00","date_gmt":"2021-10-18T05:42:00","guid":{"rendered":"https:\/\/eyrsecurity.com\/?post_type=product&#038;p=1455"},"modified":"2021-10-23T00:57:47","modified_gmt":"2021-10-23T00:57:47","slug":"3m-peltor-fono-auditivo-cintillo-snr-37-db-x5a","status":"publish","type":"product","link":"https:\/\/eyrsecurity.com\/?product=3m-peltor-fono-auditivo-cintillo-snr-37-db-x5a","title":{"rendered":"3M PELTOR FONO AUDITIVO, CINTILLO, SNR 37 DB X5A"},"content":{"rendered":"<ul class=\"MMM--pdpList SNAPS--bullets js--bnftsPdPList\">\n<li>SNR 37 dB<\/li>\n<li>M\u00e1xima protecci\u00f3n en el mercado<\/li>\n<li>Norma EN352\/1 y EN352\/3<\/li>\n<li>Dise\u00f1o Moderno<\/li>\n<\/ul>\n","protected":false},"excerpt":{"rendered":"<p class=\"SNAPS--pdpTabDes\">El fono auditivo Peltor\u00ae X5A cumple con la norma EN352\/1 y EN352\/3. Es c\u00f3modo y ligero. Cuenta con un cintillo con doble arn\u00e9s, recubierto con pl\u00e1stico.<\/p>\n<p class=\"SNAPS--pdpTabDes\">Los fonos que m\u00e1s aten\u00faan del mercado. Protecci\u00f3n \u00fanica para altos niveles de ruido. Con anillos espaciadores entre las copas y almohadillas para mayor protecci\u00f3n. Carcasas de las copas de bajo perfil, m\u00e1s resistentes a golpes y excelentes barreras contra el ruido. Espuma absortoras de ruido al interior de las carcasas que mejora la atenuaci\u00f3n y disminuye la acumulaci\u00f3n de calor. Certificaci\u00f3n Europea<\/p>\n","protected":false},"featured_media":2140,"comment_status":"open","ping_status":"closed","template":"","meta":{"site-sidebar-layout":"default","site-content-layout":"default","ast-main-header-display":"","ast-hfb-above-header-display":"","ast-hfb-below-header-display":"","ast-hfb-mobile-header-display":"","site-post-title":"","ast-breadcrumbs-content":"","ast-featured-img":"","footer-sml-layout":"","theme-transparent-header-meta":"default","adv-header-id-meta":"","stick-header-meta":"","header-above-stick-meta":"","header-main-stick-meta":"","header-below-stick-meta":""},"product_brand":[],"product_cat":[22],"product_tag":[],"class_list":{"0":"post-1455","1":"product","2":"type-product","3":"status-publish","4":"has-post-thumbnail","6":"product_cat-proteccion-auditiva","8":"first","9":"instock","10":"shipping-taxable","11":"product-type-simple"},"_links":{"self":[{"href":"https:\/\/eyrsecurity.com\/index.php?rest_route=\/wp\/v2\/product\/1455","targetHints":{"allow":["GET"]}}],"collection":[{"href":"https:\/\/eyrsecurity.com\/index.php?rest_route=\/wp\/v2\/product"}],"about":[{"href":"https:\/\/eyrsecurity.com\/index.php?rest_route=\/wp\/v2\/types\/product"}],"replies":[{"embeddable":true,"href":"https:\/\/eyrsecurity.com\/index.php?rest_route=%2Fwp%2Fv2%2Fcomments&post=1455"}],"wp:featuredmedia":[{"embeddable":true,"href":"https:\/\/eyrsecurity.com\/index.php?rest_route=\/wp\/v2\/media\/2140"}],"wp:attachment":[{"href":"https:\/\/eyrsecurity.com\/index.php?rest_route=%2Fwp%2Fv2%2Fmedia&parent=1455"}],"wp:term":[{"taxonomy":"product_brand","embeddable":true,"href":"https:\/\/eyrsecurity.com\/index.php?rest_route=%2Fwp%2Fv2%2Fproduct_brand&post=1455"},{"taxonomy":"product_cat","embeddable":true,"href":"https:\/\/eyrsecurity.com\/index.php?rest_route=%2Fwp%2Fv2%2Fproduct_cat&post=1455"},{"taxonomy":"product_tag","embeddable":true,"href":"https:\/\/eyrsecurity.com\/index.php?rest_route=%2Fwp%2Fv2%2Fproduct_tag&post=1455"}],"curies":[{"name":"wp","href":"https:\/\/api.w.org\/{rel}","templated":true}]}}