{"id":1442,"date":"2021-10-18T05:41:59","date_gmt":"2021-10-18T05:41:59","guid":{"rendered":"https:\/\/eyrsecurity.com\/?post_type=product&#038;p=1442"},"modified":"2021-10-18T06:34:51","modified_gmt":"2021-10-18T06:34:51","slug":"casco-diamond-v-delta-plus","status":"publish","type":"product","link":"https:\/\/eyrsecurity.com\/?product=casco-diamond-v-delta-plus","title":{"rendered":"CASCO DIAMOND V DELTA PLUS"},"content":{"rendered":"<ul>\n<li>Colores fl\u00fao y banda plateada.<\/li>\n<li>Para mejorar la visibilidad en el puesto de trabajo.<\/li>\n<li>Tambi\u00e9n certificado para uso invertido.<\/li>\n<li>Campo de visi\u00f3n m\u00e1ximo sin la visera.<\/li>\n<li>Sistema de ajuste ergon\u00f3mico \u00abOne-D Rotor\u00bb.<\/li>\n<li>Ajuste con una sola mano, con guantes o sin guantes.<\/li>\n<li>Visera muy curva Mejor campo de visi\u00f3n en altura.<\/li>\n<li>Un casco ic\u00f3nico en la construcci\u00f3n y en la industria.<\/li>\n<\/ul>\n<p>COLOR: Blanco, Azul, Gris-Amarillo, Amarillo, Negro, Naranja, Rojo, Verde<br \/>\nTALLA: Ajustable<\/p>\n<p>&nbsp;<\/p>\n","protected":false},"excerpt":{"rendered":"<p>Casco de obra ABS. Forma innovadora de gorra de baseball que proporciona una mayor visi\u00f3n vertical. Sometido a tests con visera llevada hacia delante o hacia atr\u00e1s, para menos estorbo. Arn\u00e9s interior de poliamida\u00a0: 3 bandas textiles con 8 puntos de fijaci\u00f3n. Sudadera de esponja. Sistema innovador de presi\u00f3n con bot\u00f3n \u00abcolor to color\u00bb. Ajustable desde los 53 a los 63 cm de contorno de la cabeza. 2 posiciones posibles de contorno (alto\/bajo) para un mejor confort. Aislamiento el\u00e9ctrico hasta 1000 VAC o 1500 VCC.<\/p>\n","protected":false},"featured_media":1767,"comment_status":"open","ping_status":"closed","template":"","meta":{"site-sidebar-layout":"default","site-content-layout":"default","ast-main-header-display":"","ast-hfb-above-header-display":"","ast-hfb-below-header-display":"","ast-hfb-mobile-header-display":"","site-post-title":"","ast-breadcrumbs-content":"","ast-featured-img":"","footer-sml-layout":"","theme-transparent-header-meta":"default","adv-header-id-meta":"","stick-header-meta":"","header-above-stick-meta":"","header-main-stick-meta":"","header-below-stick-meta":""},"product_brand":[],"product_cat":[20],"product_tag":[],"class_list":{"0":"post-1442","1":"product","2":"type-product","3":"status-publish","4":"has-post-thumbnail","6":"product_cat-proteccion-a-la-cabeza","8":"first","9":"instock","10":"shipping-taxable","11":"product-type-simple"},"_links":{"self":[{"href":"https:\/\/eyrsecurity.com\/index.php?rest_route=\/wp\/v2\/product\/1442","targetHints":{"allow":["GET"]}}],"collection":[{"href":"https:\/\/eyrsecurity.com\/index.php?rest_route=\/wp\/v2\/product"}],"about":[{"href":"https:\/\/eyrsecurity.com\/index.php?rest_route=\/wp\/v2\/types\/product"}],"replies":[{"embeddable":true,"href":"https:\/\/eyrsecurity.com\/index.php?rest_route=%2Fwp%2Fv2%2Fcomments&post=1442"}],"wp:featuredmedia":[{"embeddable":true,"href":"https:\/\/eyrsecurity.com\/index.php?rest_route=\/wp\/v2\/media\/1767"}],"wp:attachment":[{"href":"https:\/\/eyrsecurity.com\/index.php?rest_route=%2Fwp%2Fv2%2Fmedia&parent=1442"}],"wp:term":[{"taxonomy":"product_brand","embeddable":true,"href":"https:\/\/eyrsecurity.com\/index.php?rest_route=%2Fwp%2Fv2%2Fproduct_brand&post=1442"},{"taxonomy":"product_cat","embeddable":true,"href":"https:\/\/eyrsecurity.com\/index.php?rest_route=%2Fwp%2Fv2%2Fproduct_cat&post=1442"},{"taxonomy":"product_tag","embeddable":true,"href":"https:\/\/eyrsecurity.com\/index.php?rest_route=%2Fwp%2Fv2%2Fproduct_tag&post=1442"}],"curies":[{"name":"wp","href":"https:\/\/api.w.org\/{rel}","templated":true}]}}