{"id":1406,"date":"2021-10-18T05:41:56","date_gmt":"2021-10-18T05:41:56","guid":{"rendered":"https:\/\/eyrsecurity.com\/?post_type=product&#038;p=1406"},"modified":"2022-01-21T06:05:47","modified_gmt":"2022-01-21T06:05:47","slug":"rodillera-soldador-poliester-steelpro","status":"publish","type":"product","link":"https:\/\/eyrsecurity.com\/?product=rodillera-soldador-poliester-steelpro","title":{"rendered":"RODILLERA SOLDADOR POLIESTER STEELPRO"},"content":{"rendered":"<h4>Caracter\u00edsticas<\/h4>\n<ul>\n<li>Fabricado en Poli\u00e9ster Acolchado de alto gramaje, esto lo hace m\u00e1s resistente, duradero y adaptable a los m\u00e1s diversos rubros, en distintas tareas y ambientes, usos en exterior e interior ilimitados.<\/li>\n<li>Buen nivel de resistencia para ser usado repetitivamente.<\/li>\n<li>Protege de la abrasi\u00f3n, impactos y cortes.<\/li>\n<\/ul>\n<h4>Detalles<\/h4>\n<ul>\n<li>Rodillera construida de poli\u00e9ster acolchado.<\/li>\n<li>Rotula perforada de poliuretano de alta densidad.<\/li>\n<li>Doble cinta el\u00e1stica con velcro.<\/li>\n<li>Medida \u00fanica.<\/li>\n<\/ul>\n","protected":false},"excerpt":{"rendered":"<p>La Rodillera Profesional Poli\u00e9ster esta dise\u00f1ada para proteger zonas especialmente delicadas de los impactos propios del trabajo y el deporte, se adapta perfectamente a la anatom\u00eda proporcionando el m\u00e1ximo confort, funcionalidad y eficacia.<br \/>\nPara muchas de las tareas realizadas en el sector de la construcci\u00f3n, las rodilleras son un elemento esencial para poder realizar trabajos minimizando las consecuencias negativas para las articulaciones de las rodillas<\/p>\n","protected":false},"featured_media":2936,"comment_status":"open","ping_status":"closed","template":"","meta":{"site-sidebar-layout":"default","site-content-layout":"default","ast-main-header-display":"","ast-hfb-above-header-display":"","ast-hfb-below-header-display":"","ast-hfb-mobile-header-display":"","site-post-title":"","ast-breadcrumbs-content":"","ast-featured-img":"","footer-sml-layout":"","theme-transparent-header-meta":"default","adv-header-id-meta":"","stick-header-meta":"","header-above-stick-meta":"","header-main-stick-meta":"","header-below-stick-meta":""},"product_brand":[],"product_cat":[27,32],"product_tag":[],"class_list":{"0":"post-1406","1":"product","2":"type-product","3":"status-publish","4":"has-post-thumbnail","6":"product_cat-proteccion-a-los-pies","7":"product_cat-proteccion-del-soldador","9":"first","10":"instock","11":"shipping-taxable","12":"product-type-simple"},"_links":{"self":[{"href":"https:\/\/eyrsecurity.com\/index.php?rest_route=\/wp\/v2\/product\/1406","targetHints":{"allow":["GET"]}}],"collection":[{"href":"https:\/\/eyrsecurity.com\/index.php?rest_route=\/wp\/v2\/product"}],"about":[{"href":"https:\/\/eyrsecurity.com\/index.php?rest_route=\/wp\/v2\/types\/product"}],"replies":[{"embeddable":true,"href":"https:\/\/eyrsecurity.com\/index.php?rest_route=%2Fwp%2Fv2%2Fcomments&post=1406"}],"wp:featuredmedia":[{"embeddable":true,"href":"https:\/\/eyrsecurity.com\/index.php?rest_route=\/wp\/v2\/media\/2936"}],"wp:attachment":[{"href":"https:\/\/eyrsecurity.com\/index.php?rest_route=%2Fwp%2Fv2%2Fmedia&parent=1406"}],"wp:term":[{"taxonomy":"product_brand","embeddable":true,"href":"https:\/\/eyrsecurity.com\/index.php?rest_route=%2Fwp%2Fv2%2Fproduct_brand&post=1406"},{"taxonomy":"product_cat","embeddable":true,"href":"https:\/\/eyrsecurity.com\/index.php?rest_route=%2Fwp%2Fv2%2Fproduct_cat&post=1406"},{"taxonomy":"product_tag","embeddable":true,"href":"https:\/\/eyrsecurity.com\/index.php?rest_route=%2Fwp%2Fv2%2Fproduct_tag&post=1406"}],"curies":[{"name":"wp","href":"https:\/\/api.w.org\/{rel}","templated":true}]}}