{"id":1401,"date":"2021-10-18T05:41:54","date_gmt":"2021-10-18T05:41:54","guid":{"rendered":"https:\/\/eyrsecurity.com\/?post_type=product&#038;p=1401"},"modified":"2021-10-22T02:36:20","modified_gmt":"2021-10-22T02:36:20","slug":"cinta-antideslizante-3m-fotoluminiscente","status":"publish","type":"product","link":"https:\/\/eyrsecurity.com\/?product=cinta-antideslizante-3m-fotoluminiscente","title":{"rendered":"CINTA ANTIDESLIZANTE 3M FOTOLUMINISCENTE"},"content":{"rendered":"<h4>Ventajas del Producto<\/h4>\n<ul>\n<li>Excelente adhesi\u00f3n a m\u00faltiples superficies.<\/li>\n<li>Permite tr\u00e1fico de objetos rodantes.<\/li>\n<li>Resistencia al encogimiento.<\/li>\n<li>Resistencia al desprendimiento.<\/li>\n<li>\u00a0Excelente duraci\u00f3n.<\/li>\n<li>\u00danicas con base vin\u00edlicas logrando resistencia ante productos qu\u00edmicos.<\/li>\n<li>Proveen adicional resistencia antideslizantes en las m\u00e1s extremas condiciones.<\/li>\n<li>Disminuir al m\u00e1ximo los riesgos de accidentes tanto para el personal como para los clientes.<\/li>\n<li>Se puede cortar en tiras f\u00e1cilmente.<\/li>\n<li>F\u00e1cil de aplicar.<\/li>\n<li>Duraci\u00f3n de fotoluminiscencia durante 6 horas.<\/li>\n<li>Antideslizante y se\u00f1alizaci\u00f3n en salidas de emergencia.<\/li>\n<li>Disminuir al m\u00e1ximo los riesgos de accidentes tanto para el personal como para los clientes en condiciones donde es necesario contar con la capacidad de (en condiciones de baja luminosidad \u00f3 ante la falta de luz por cortes de energ\u00eda) se\u00f1alizaci\u00f3n visual.<\/li>\n<\/ul>\n","protected":false},"excerpt":{"rendered":"<p>El producto consiste en part\u00edculas abrasivas artificiales, pegadas por un resistente y durable pol\u00edmero. Su caracter\u00edstica principal es que contiene una cinta fotoluminiscente sobre la pel\u00edcula de pol\u00edmero. Esto permite a la cinta absorber luz para emitirla luego en la oscuridad hasta por 6 horas (dependiendo del tiempo y calidad de luz a la que haya sido expuesta).<br \/>\nPosee un adhesivo sensible a la presi\u00f3n est\u00e1 recubierto por un papel protector removible que lo protege previo a su<br \/>\naplicaci\u00f3n.<br \/>\nEs utilizado en superficies planas y lisas.<br \/>\nReduce el riesgo de ca\u00eddas y resbalones por caminar o transitar sobre escaleras, pisos o \u00e1reas resbalosas.<\/p>\n","protected":false},"featured_media":2055,"comment_status":"open","ping_status":"closed","template":"","meta":{"site-sidebar-layout":"default","site-content-layout":"default","ast-main-header-display":"","ast-hfb-above-header-display":"","ast-hfb-below-header-display":"","ast-hfb-mobile-header-display":"","site-post-title":"","ast-breadcrumbs-content":"","ast-featured-img":"","footer-sml-layout":"","theme-transparent-header-meta":"default","adv-header-id-meta":"","stick-header-meta":"","header-above-stick-meta":"","header-main-stick-meta":"","header-below-stick-meta":""},"product_brand":[],"product_cat":[31],"product_tag":[],"class_list":{"0":"post-1401","1":"product","2":"type-product","3":"status-publish","4":"has-post-thumbnail","6":"product_cat-seguridad-vial","8":"first","9":"instock","10":"shipping-taxable","11":"product-type-simple"},"_links":{"self":[{"href":"https:\/\/eyrsecurity.com\/index.php?rest_route=\/wp\/v2\/product\/1401","targetHints":{"allow":["GET"]}}],"collection":[{"href":"https:\/\/eyrsecurity.com\/index.php?rest_route=\/wp\/v2\/product"}],"about":[{"href":"https:\/\/eyrsecurity.com\/index.php?rest_route=\/wp\/v2\/types\/product"}],"replies":[{"embeddable":true,"href":"https:\/\/eyrsecurity.com\/index.php?rest_route=%2Fwp%2Fv2%2Fcomments&post=1401"}],"wp:featuredmedia":[{"embeddable":true,"href":"https:\/\/eyrsecurity.com\/index.php?rest_route=\/wp\/v2\/media\/2055"}],"wp:attachment":[{"href":"https:\/\/eyrsecurity.com\/index.php?rest_route=%2Fwp%2Fv2%2Fmedia&parent=1401"}],"wp:term":[{"taxonomy":"product_brand","embeddable":true,"href":"https:\/\/eyrsecurity.com\/index.php?rest_route=%2Fwp%2Fv2%2Fproduct_brand&post=1401"},{"taxonomy":"product_cat","embeddable":true,"href":"https:\/\/eyrsecurity.com\/index.php?rest_route=%2Fwp%2Fv2%2Fproduct_cat&post=1401"},{"taxonomy":"product_tag","embeddable":true,"href":"https:\/\/eyrsecurity.com\/index.php?rest_route=%2Fwp%2Fv2%2Fproduct_tag&post=1401"}],"curies":[{"name":"wp","href":"https:\/\/api.w.org\/{rel}","templated":true}]}}