{"id":1397,"date":"2021-10-18T05:41:54","date_gmt":"2021-10-18T05:41:54","guid":{"rendered":"https:\/\/eyrsecurity.com\/?post_type=product&#038;p=1397"},"modified":"2021-10-22T02:35:00","modified_gmt":"2021-10-22T02:35:00","slug":"malla-de-seguridad-naranja","status":"publish","type":"product","link":"https:\/\/eyrsecurity.com\/?product=malla-de-seguridad-naranja","title":{"rendered":"MALLA DE SEGURIDAD NARANJA"},"content":{"rendered":"<h4><u><strong>Caracter\u00edsticas<\/strong><\/u><\/h4>\n<p>Fabricadas en polietileno HDPE, tratada con aditivos anti UV y antioxidante.<br \/>\nResistentes a los agentes alcalinos y \u00e1cidos del suelo.<br \/>\nF\u00e1cil de colocar, visible y resistente, es \u00fatil para delimitar zonas de obras.<br \/>\nAltura 1 mt.<br \/>\nLargo: 45 mts.<br \/>\nResistente los rayos ultravioletas, agentes atmosf\u00e9ricos y el estiramiento.<br \/>\nPeso: 60 grms. y 80 grms.<br \/>\nDisponible en color naranja flourescente.<\/p>\n","protected":false},"excerpt":{"rendered":"<p>Liviana en rollo de 1 metro de alto y 45 metros de largo. Red de polipropileno, para se\u00f1alizaci\u00f3n vial\/obras, que permiten una gran visualizaci\u00f3n, como as\u00ed tambi\u00e9n la advetencia de ductos subterr\u00e1neos, de f\u00e1cil colocaci\u00f3n y de gran durabilidad, ya que est\u00e1 fabricada con materiales anti U.V. Ideal para delimitar zonas.<\/p>\n","protected":false},"featured_media":2056,"comment_status":"open","ping_status":"closed","template":"","meta":{"site-sidebar-layout":"default","site-content-layout":"default","ast-main-header-display":"","ast-hfb-above-header-display":"","ast-hfb-below-header-display":"","ast-hfb-mobile-header-display":"","site-post-title":"","ast-breadcrumbs-content":"","ast-featured-img":"","footer-sml-layout":"","theme-transparent-header-meta":"default","adv-header-id-meta":"","stick-header-meta":"","header-above-stick-meta":"","header-main-stick-meta":"","header-below-stick-meta":""},"product_brand":[],"product_cat":[31],"product_tag":[],"class_list":{"0":"post-1397","1":"product","2":"type-product","3":"status-publish","4":"has-post-thumbnail","6":"product_cat-seguridad-vial","8":"first","9":"instock","10":"shipping-taxable","11":"product-type-simple"},"_links":{"self":[{"href":"https:\/\/eyrsecurity.com\/index.php?rest_route=\/wp\/v2\/product\/1397","targetHints":{"allow":["GET"]}}],"collection":[{"href":"https:\/\/eyrsecurity.com\/index.php?rest_route=\/wp\/v2\/product"}],"about":[{"href":"https:\/\/eyrsecurity.com\/index.php?rest_route=\/wp\/v2\/types\/product"}],"replies":[{"embeddable":true,"href":"https:\/\/eyrsecurity.com\/index.php?rest_route=%2Fwp%2Fv2%2Fcomments&post=1397"}],"wp:featuredmedia":[{"embeddable":true,"href":"https:\/\/eyrsecurity.com\/index.php?rest_route=\/wp\/v2\/media\/2056"}],"wp:attachment":[{"href":"https:\/\/eyrsecurity.com\/index.php?rest_route=%2Fwp%2Fv2%2Fmedia&parent=1397"}],"wp:term":[{"taxonomy":"product_brand","embeddable":true,"href":"https:\/\/eyrsecurity.com\/index.php?rest_route=%2Fwp%2Fv2%2Fproduct_brand&post=1397"},{"taxonomy":"product_cat","embeddable":true,"href":"https:\/\/eyrsecurity.com\/index.php?rest_route=%2Fwp%2Fv2%2Fproduct_cat&post=1397"},{"taxonomy":"product_tag","embeddable":true,"href":"https:\/\/eyrsecurity.com\/index.php?rest_route=%2Fwp%2Fv2%2Fproduct_tag&post=1397"}],"curies":[{"name":"wp","href":"https:\/\/api.w.org\/{rel}","templated":true}]}}