{"id":1386,"date":"2021-10-18T05:41:53","date_gmt":"2021-10-18T05:41:53","guid":{"rendered":"https:\/\/eyrsecurity.com\/?post_type=product&#038;p=1386"},"modified":"2021-10-21T12:58:25","modified_gmt":"2021-10-21T12:58:25","slug":"mini-cordon-absorbente-de-hidrocarburos-t8-3m","status":"publish","type":"product","link":"https:\/\/eyrsecurity.com\/?product=mini-cordon-absorbente-de-hidrocarburos-t8-3m","title":{"rendered":"MINI CORDON ABSORBENTE DE HIDROCARBUROS T8 3M"},"content":{"rendered":"<h4>Caracter\u00edsticas<\/h4>\n<ul>\n<li><strong>Aplicaci\u00f3n<\/strong>:\u00a0Control y limpieza de l\u00edquidos a base de hidrocarburos o petr\u00f3leo en la superficie de los medios acu\u00e1ticos. Derrames en plantas industriales. Para la recogida de los productos base petr\u00f3leo de los efluentes industriales.<\/li>\n<li><strong>Material:<\/strong>\u00a0Fibras sint\u00e9ticas inertes (principalmente polipropileno).<\/li>\n<li><strong>Dimensiones del cord\u00f3n:<\/strong>\u00a02.4m x 7.5cm de di\u00e1metro.<\/li>\n<\/ul>\n","protected":false},"excerpt":{"rendered":"<p>Absorbentes de hidrocarburos en forma de mini cord\u00f3n. Hidr\u00f3fobos. Son, por tanto, ideales para absorber hidrocarburos en medios d\u00f3nde el agua est\u00e1 presente. No se desintegran, ni se hunden cuando est\u00e1n saturados. Esto hace f\u00e1cil su recuperaci\u00f3n y gesti\u00f3n despu\u00e9s de su uso. Tienen una alta capacidad de absorci\u00f3n, minimizando el material de desecho.<\/p>\n","protected":false},"featured_media":1989,"comment_status":"open","ping_status":"closed","template":"","meta":{"site-sidebar-layout":"default","site-content-layout":"default","ast-main-header-display":"","ast-hfb-above-header-display":"","ast-hfb-below-header-display":"","ast-hfb-mobile-header-display":"","site-post-title":"","ast-breadcrumbs-content":"","ast-featured-img":"","footer-sml-layout":"","theme-transparent-header-meta":"default","adv-header-id-meta":"","stick-header-meta":"","header-above-stick-meta":"","header-main-stick-meta":"","header-below-stick-meta":""},"product_brand":[],"product_cat":[30,21],"product_tag":[],"class_list":{"0":"post-1386","1":"product","2":"type-product","3":"status-publish","4":"has-post-thumbnail","6":"product_cat-limpieza-y-contencion","7":"product_cat-proteccion-minera","9":"first","10":"instock","11":"shipping-taxable","12":"product-type-simple"},"_links":{"self":[{"href":"https:\/\/eyrsecurity.com\/index.php?rest_route=\/wp\/v2\/product\/1386","targetHints":{"allow":["GET"]}}],"collection":[{"href":"https:\/\/eyrsecurity.com\/index.php?rest_route=\/wp\/v2\/product"}],"about":[{"href":"https:\/\/eyrsecurity.com\/index.php?rest_route=\/wp\/v2\/types\/product"}],"replies":[{"embeddable":true,"href":"https:\/\/eyrsecurity.com\/index.php?rest_route=%2Fwp%2Fv2%2Fcomments&post=1386"}],"wp:featuredmedia":[{"embeddable":true,"href":"https:\/\/eyrsecurity.com\/index.php?rest_route=\/wp\/v2\/media\/1989"}],"wp:attachment":[{"href":"https:\/\/eyrsecurity.com\/index.php?rest_route=%2Fwp%2Fv2%2Fmedia&parent=1386"}],"wp:term":[{"taxonomy":"product_brand","embeddable":true,"href":"https:\/\/eyrsecurity.com\/index.php?rest_route=%2Fwp%2Fv2%2Fproduct_brand&post=1386"},{"taxonomy":"product_cat","embeddable":true,"href":"https:\/\/eyrsecurity.com\/index.php?rest_route=%2Fwp%2Fv2%2Fproduct_cat&post=1386"},{"taxonomy":"product_tag","embeddable":true,"href":"https:\/\/eyrsecurity.com\/index.php?rest_route=%2Fwp%2Fv2%2Fproduct_tag&post=1386"}],"curies":[{"name":"wp","href":"https:\/\/api.w.org\/{rel}","templated":true}]}}