{"id":1345,"date":"2021-10-18T05:41:46","date_gmt":"2021-10-18T05:41:46","guid":{"rendered":"https:\/\/eyrsecurity.com\/?post_type=product&#038;p=1345"},"modified":"2021-10-24T19:29:57","modified_gmt":"2021-10-24T19:29:57","slug":"guante-multiflex-latex-steelpro","status":"publish","type":"product","link":"https:\/\/eyrsecurity.com\/?product=guante-multiflex-latex-steelpro","title":{"rendered":"GUANTE MULTIFLEX LATEX \u2013 STEELPRO"},"content":{"rendered":"<h4 class=\"title-tab\">Descripci\u00f3n<\/h4>\n<p><strong>Guante Multiflex L\u00e1tex \u2013 Steelpro<\/strong>, guante de buena destreza para trabajos de alta resistencia al desgarro que incorpora la m\u00e1s alta tecnolog\u00eda para brindar protecci\u00f3n en distintos usos.<\/p>\n<ul>\n<li>Ventilaci\u00f3n dorsal.<\/li>\n<li>Excelente agarre.<\/li>\n<li>Permite labores de destreza.<\/li>\n<li>Alta resistencia al desgarro.<\/li>\n<li>Recubrimiento de la palma y u\u00f1as con l\u00e1tex corrugado.<\/li>\n<\/ul>\n<h4><strong>APLICACIONES<\/strong><\/h4>\n<p>Aplicaciones generales para fabricaci\u00f3n, manipulaci\u00f3n, labores de ensamblaje, trabajos en bodega y operaciones de maquinarias o herramientas.<\/p>\n<h4><strong>MATERIALES<\/strong><\/h4>\n<ul>\n<li>Tejido en polialgod\u00f3n.<\/li>\n<li>Ribete de poli\u00e9ster.<\/li>\n<li>L\u00e1tex corrugado.<\/li>\n<\/ul>\n","protected":false},"excerpt":{"rendered":"<p>Guante de buena destreza para trabajos de alta resistencia al desgarro que incorpora la m\u00e1s alta tecnolog\u00eda para brindar protecci\u00f3n en distintos usos.<\/p>\n","protected":false},"featured_media":2349,"comment_status":"open","ping_status":"closed","template":"","meta":{"site-sidebar-layout":"default","site-content-layout":"default","ast-main-header-display":"","ast-hfb-above-header-display":"","ast-hfb-below-header-display":"","ast-hfb-mobile-header-display":"","site-post-title":"","ast-breadcrumbs-content":"","ast-featured-img":"","footer-sml-layout":"","theme-transparent-header-meta":"default","adv-header-id-meta":"","stick-header-meta":"","header-above-stick-meta":"","header-main-stick-meta":"","header-below-stick-meta":""},"product_brand":[],"product_cat":[26],"product_tag":[],"class_list":{"0":"post-1345","1":"product","2":"type-product","3":"status-publish","4":"has-post-thumbnail","6":"product_cat-proteccion-a-las-manos","8":"first","9":"instock","10":"shipping-taxable","11":"product-type-simple"},"_links":{"self":[{"href":"https:\/\/eyrsecurity.com\/index.php?rest_route=\/wp\/v2\/product\/1345","targetHints":{"allow":["GET"]}}],"collection":[{"href":"https:\/\/eyrsecurity.com\/index.php?rest_route=\/wp\/v2\/product"}],"about":[{"href":"https:\/\/eyrsecurity.com\/index.php?rest_route=\/wp\/v2\/types\/product"}],"replies":[{"embeddable":true,"href":"https:\/\/eyrsecurity.com\/index.php?rest_route=%2Fwp%2Fv2%2Fcomments&post=1345"}],"wp:featuredmedia":[{"embeddable":true,"href":"https:\/\/eyrsecurity.com\/index.php?rest_route=\/wp\/v2\/media\/2349"}],"wp:attachment":[{"href":"https:\/\/eyrsecurity.com\/index.php?rest_route=%2Fwp%2Fv2%2Fmedia&parent=1345"}],"wp:term":[{"taxonomy":"product_brand","embeddable":true,"href":"https:\/\/eyrsecurity.com\/index.php?rest_route=%2Fwp%2Fv2%2Fproduct_brand&post=1345"},{"taxonomy":"product_cat","embeddable":true,"href":"https:\/\/eyrsecurity.com\/index.php?rest_route=%2Fwp%2Fv2%2Fproduct_cat&post=1345"},{"taxonomy":"product_tag","embeddable":true,"href":"https:\/\/eyrsecurity.com\/index.php?rest_route=%2Fwp%2Fv2%2Fproduct_tag&post=1345"}],"curies":[{"name":"wp","href":"https:\/\/api.w.org\/{rel}","templated":true}]}}