{"id":1344,"date":"2021-10-18T05:41:46","date_gmt":"2021-10-18T05:41:46","guid":{"rendered":"https:\/\/eyrsecurity.com\/?post_type=product&#038;p=1344"},"modified":"2021-10-24T19:30:30","modified_gmt":"2021-10-24T19:30:30","slug":"guante-super-flex-clute","status":"publish","type":"product","link":"https:\/\/eyrsecurity.com\/?product=guante-super-flex-clute","title":{"rendered":"GUANTE SUPER FLEX CLUTE"},"content":{"rendered":"<h4 class=\"title-tab\">Descripci\u00f3n<\/h4>\n<ul>\n<li>Dise\u00f1o ergon\u00f3mico asegura una m\u00e1xima comodidad y minimiza la fatiga de la mano<\/li>\n<li>Posee un excelente agarre en cualquier situaci\u00f3n h\u00fameda y seca.<\/li>\n<li>Resistencia a los aceites y grasas industriales.<\/li>\n<li>Recubrimiento de l\u00e1tex libre de silicona, otorga una resistencia m\u00ednima de corte de nivel 2.<\/li>\n<li>Lavable para facilitar su uso y otorgarle mayor productividad y durabilidad.<\/li>\n<li>Revestimiento resistente al rasgado.<\/li>\n<li>Calificaci\u00f3n de 5 en destreza.<\/li>\n<li>Excelente en la manipulaci\u00f3n que requiera un tacto elevado.<\/li>\n<li>Colores disponibles: amarillo y rojo<\/li>\n<li>Tallas disponibles:<br \/>\nPu\u00f1o el\u00e1stico de color par identificar las diferentes tallas: 8\/M 9\/L<\/li>\n<li>Embalaje:<br \/>\n-Paquete por 12 pares<br \/>\n-Caja por 144 pares<\/li>\n<\/ul>\n","protected":false},"excerpt":{"rendered":"<p>Los guantes de protecci\u00f3n <strong>SUPER FLEX<\/strong> de<strong> CLUTE<\/strong> recubiertos con l\u00e1tex corrugado, son los guantes de protecci\u00f3n industrial de uso general, ideales para proteger a las personas de los procesos ofreciendo un excelente nivel de agarre, destreza y comodidad.<\/p>\n","protected":false},"featured_media":2393,"comment_status":"open","ping_status":"closed","template":"","meta":{"site-sidebar-layout":"default","site-content-layout":"default","ast-main-header-display":"","ast-hfb-above-header-display":"","ast-hfb-below-header-display":"","ast-hfb-mobile-header-display":"","site-post-title":"","ast-breadcrumbs-content":"","ast-featured-img":"","footer-sml-layout":"","theme-transparent-header-meta":"default","adv-header-id-meta":"","stick-header-meta":"","header-above-stick-meta":"","header-main-stick-meta":"","header-below-stick-meta":""},"product_brand":[],"product_cat":[26],"product_tag":[],"class_list":{"0":"post-1344","1":"product","2":"type-product","3":"status-publish","4":"has-post-thumbnail","6":"product_cat-proteccion-a-las-manos","8":"first","9":"instock","10":"shipping-taxable","11":"product-type-simple"},"_links":{"self":[{"href":"https:\/\/eyrsecurity.com\/index.php?rest_route=\/wp\/v2\/product\/1344","targetHints":{"allow":["GET"]}}],"collection":[{"href":"https:\/\/eyrsecurity.com\/index.php?rest_route=\/wp\/v2\/product"}],"about":[{"href":"https:\/\/eyrsecurity.com\/index.php?rest_route=\/wp\/v2\/types\/product"}],"replies":[{"embeddable":true,"href":"https:\/\/eyrsecurity.com\/index.php?rest_route=%2Fwp%2Fv2%2Fcomments&post=1344"}],"wp:featuredmedia":[{"embeddable":true,"href":"https:\/\/eyrsecurity.com\/index.php?rest_route=\/wp\/v2\/media\/2393"}],"wp:attachment":[{"href":"https:\/\/eyrsecurity.com\/index.php?rest_route=%2Fwp%2Fv2%2Fmedia&parent=1344"}],"wp:term":[{"taxonomy":"product_brand","embeddable":true,"href":"https:\/\/eyrsecurity.com\/index.php?rest_route=%2Fwp%2Fv2%2Fproduct_brand&post=1344"},{"taxonomy":"product_cat","embeddable":true,"href":"https:\/\/eyrsecurity.com\/index.php?rest_route=%2Fwp%2Fv2%2Fproduct_cat&post=1344"},{"taxonomy":"product_tag","embeddable":true,"href":"https:\/\/eyrsecurity.com\/index.php?rest_route=%2Fwp%2Fv2%2Fproduct_tag&post=1344"}],"curies":[{"name":"wp","href":"https:\/\/api.w.org\/{rel}","templated":true}]}}