{"id":1343,"date":"2021-10-18T05:41:46","date_gmt":"2021-10-18T05:41:46","guid":{"rendered":"https:\/\/eyrsecurity.com\/?post_type=product&#038;p=1343"},"modified":"2021-10-24T19:31:22","modified_gmt":"2021-10-24T19:31:22","slug":"guante-badana-clute","status":"publish","type":"product","link":"https:\/\/eyrsecurity.com\/?product=guante-badana-clute","title":{"rendered":"GUANTE BADANA \u2013 CLUTE"},"content":{"rendered":"<h4 class=\"title-tab\">Descripci\u00f3n<\/h4>\n<ul>\n<li>Guante de buena resistencia y sensibilidad al tacto.<\/li>\n<li>Brinda comodidad y flexibilidad durante el trabajo.<\/li>\n<li>Estilo con el\u00e1stico de ajuste en el dorso y ribete bordado en la mu\u00f1eca.<\/li>\n<li>Material de cuero grado BC<\/li>\n<li>Color de cuero: amarillo \u00f3 blanco.<\/li>\n<li>Color del ribete: rojo.<\/li>\n<li>Largo de 9.5\u2033<\/li>\n<li>Talla disponible: Standard.<\/li>\n<li>Tipo de costura: recta con poli\u00e9ster.<\/li>\n<li>Dedo pulgar de tipo ala.<\/li>\n<li>Embalaje:<br \/>\n\u2013 Paquete por 12 pares.<br \/>\n\u2013 Caja por 120 pares<\/li>\n<\/ul>\n","protected":false},"excerpt":{"rendered":"<p>El guante de cuero badana marca Clute, es una l\u00ednea de guantes recomendados para tareas generales de riesgos mec\u00e1nicos medios\/bajos.<\/p>\n<p>Este guante es conocido como modelo ingeniero, conductor o maniobrista. Fabricado a partir de cuero de b\u00fafalo, ofrece un \u00f3ptimo rendimiento de acuerdo a su categor\u00eda.<\/p>\n<p>Se recomienda que estos guantes sean inspeccionados antes de su uso, especialmente despu\u00e9s de la jornada laboral y antes de coloc\u00e1rselo, para asegurar que no haya ning\u00fan da\u00f1o presente.<\/p>\n","protected":false},"featured_media":2340,"comment_status":"open","ping_status":"closed","template":"","meta":{"site-sidebar-layout":"default","site-content-layout":"default","ast-main-header-display":"","ast-hfb-above-header-display":"","ast-hfb-below-header-display":"","ast-hfb-mobile-header-display":"","site-post-title":"","ast-breadcrumbs-content":"","ast-featured-img":"","footer-sml-layout":"","theme-transparent-header-meta":"default","adv-header-id-meta":"","stick-header-meta":"","header-above-stick-meta":"","header-main-stick-meta":"","header-below-stick-meta":""},"product_brand":[],"product_cat":[26],"product_tag":[],"class_list":{"0":"post-1343","1":"product","2":"type-product","3":"status-publish","4":"has-post-thumbnail","6":"product_cat-proteccion-a-las-manos","8":"first","9":"instock","10":"shipping-taxable","11":"product-type-simple"},"_links":{"self":[{"href":"https:\/\/eyrsecurity.com\/index.php?rest_route=\/wp\/v2\/product\/1343","targetHints":{"allow":["GET"]}}],"collection":[{"href":"https:\/\/eyrsecurity.com\/index.php?rest_route=\/wp\/v2\/product"}],"about":[{"href":"https:\/\/eyrsecurity.com\/index.php?rest_route=\/wp\/v2\/types\/product"}],"replies":[{"embeddable":true,"href":"https:\/\/eyrsecurity.com\/index.php?rest_route=%2Fwp%2Fv2%2Fcomments&post=1343"}],"wp:featuredmedia":[{"embeddable":true,"href":"https:\/\/eyrsecurity.com\/index.php?rest_route=\/wp\/v2\/media\/2340"}],"wp:attachment":[{"href":"https:\/\/eyrsecurity.com\/index.php?rest_route=%2Fwp%2Fv2%2Fmedia&parent=1343"}],"wp:term":[{"taxonomy":"product_brand","embeddable":true,"href":"https:\/\/eyrsecurity.com\/index.php?rest_route=%2Fwp%2Fv2%2Fproduct_brand&post=1343"},{"taxonomy":"product_cat","embeddable":true,"href":"https:\/\/eyrsecurity.com\/index.php?rest_route=%2Fwp%2Fv2%2Fproduct_cat&post=1343"},{"taxonomy":"product_tag","embeddable":true,"href":"https:\/\/eyrsecurity.com\/index.php?rest_route=%2Fwp%2Fv2%2Fproduct_tag&post=1343"}],"curies":[{"name":"wp","href":"https:\/\/api.w.org\/{rel}","templated":true}]}}