{"id":1335,"date":"2021-10-18T05:41:46","date_gmt":"2021-10-18T05:41:46","guid":{"rendered":"https:\/\/eyrsecurity.com\/?post_type=product&#038;p=1335"},"modified":"2021-10-25T02:39:50","modified_gmt":"2021-10-25T02:39:50","slug":"pre-filtro-5n11-para-cartucho","status":"publish","type":"product","link":"https:\/\/eyrsecurity.com\/?product=pre-filtro-5n11-para-cartucho","title":{"rendered":"PRE FILTRO 5N11 PARA CARTUCHO"},"content":{"rendered":"<h4 class=\"title-tab\">Descripci\u00f3n<\/h4>\n<ul>\n<li>Elemento filtrante. Tela no tejida de polipropileno y poli\u00e9ster.<\/li>\n<li>Peso aprox.: 4gms.<\/li>\n<li>Color: Blanco.<\/li>\n<li>Certificado por el Instituto (NIOSH) de Estados Unidos (National Institute for Occupational Safety And Health) bajo la especificaci\u00f3n N95 de la norma 42CFR84.<\/li>\n<li>Aprobado para protecci\u00f3n respiratoria contra polvos (incluyendo carb\u00f3n, algod\u00f3n, aluminio, trigo, hierro y s\u00edlice, producidos principalmente por la desintegraci\u00f3n de s\u00f3lidos durante procesos industriales tales como: esmerilado, lijado, trituraci\u00f3n y procesamiento de\u00a0 minerales y otros materiales) y neblinas a base de l\u00edquidos no aceitosos.<\/li>\n<\/ul>\n","protected":false},"excerpt":{"rendered":"<p>El\u00a0<strong>prefiltro 3M 5N11<\/strong>\u00a0es un elemento de<strong>\u00a0seguridad industrial<\/strong>\u00a0para usarlo en conjunto con el\u00a0<strong>retenedor 3M 501<\/strong>\u00a0y los cartuchos de la serie 6000. Brinda una efectiva e higi\u00e9nica\u00a0<strong>protecci\u00f3n respiratoria<\/strong>\u00a0contra polvos y part\u00edculas l\u00edquidas sin aceite. Se encuentra fabricado con un Medio Filtrante Electrost\u00e1tico Avanzado, novedoso sistema de retenci\u00f3n de part\u00edculas que permite mayor eficiencia del filtro con menor caida de presi\u00f3n.<\/p>\n","protected":false},"featured_media":2427,"comment_status":"open","ping_status":"closed","template":"","meta":{"site-sidebar-layout":"default","site-content-layout":"default","ast-main-header-display":"","ast-hfb-above-header-display":"","ast-hfb-below-header-display":"","ast-hfb-mobile-header-display":"","site-post-title":"","ast-breadcrumbs-content":"","ast-featured-img":"","footer-sml-layout":"","theme-transparent-header-meta":"default","adv-header-id-meta":"","stick-header-meta":"","header-above-stick-meta":"","header-main-stick-meta":"","header-below-stick-meta":""},"product_brand":[],"product_cat":[25],"product_tag":[],"class_list":{"0":"post-1335","1":"product","2":"type-product","3":"status-publish","4":"has-post-thumbnail","6":"product_cat-proteccion-respiratoria","8":"first","9":"instock","10":"shipping-taxable","11":"product-type-simple"},"_links":{"self":[{"href":"https:\/\/eyrsecurity.com\/index.php?rest_route=\/wp\/v2\/product\/1335","targetHints":{"allow":["GET"]}}],"collection":[{"href":"https:\/\/eyrsecurity.com\/index.php?rest_route=\/wp\/v2\/product"}],"about":[{"href":"https:\/\/eyrsecurity.com\/index.php?rest_route=\/wp\/v2\/types\/product"}],"replies":[{"embeddable":true,"href":"https:\/\/eyrsecurity.com\/index.php?rest_route=%2Fwp%2Fv2%2Fcomments&post=1335"}],"wp:featuredmedia":[{"embeddable":true,"href":"https:\/\/eyrsecurity.com\/index.php?rest_route=\/wp\/v2\/media\/2427"}],"wp:attachment":[{"href":"https:\/\/eyrsecurity.com\/index.php?rest_route=%2Fwp%2Fv2%2Fmedia&parent=1335"}],"wp:term":[{"taxonomy":"product_brand","embeddable":true,"href":"https:\/\/eyrsecurity.com\/index.php?rest_route=%2Fwp%2Fv2%2Fproduct_brand&post=1335"},{"taxonomy":"product_cat","embeddable":true,"href":"https:\/\/eyrsecurity.com\/index.php?rest_route=%2Fwp%2Fv2%2Fproduct_cat&post=1335"},{"taxonomy":"product_tag","embeddable":true,"href":"https:\/\/eyrsecurity.com\/index.php?rest_route=%2Fwp%2Fv2%2Fproduct_tag&post=1335"}],"curies":[{"name":"wp","href":"https:\/\/api.w.org\/{rel}","templated":true}]}}