{"id":1334,"date":"2021-10-18T05:41:46","date_gmt":"2021-10-18T05:41:46","guid":{"rendered":"https:\/\/eyrsecurity.com\/?post_type=product&#038;p=1334"},"modified":"2021-10-25T01:26:13","modified_gmt":"2021-10-25T01:26:13","slug":"mascara-9955-cara-completa-libus","status":"publish","type":"product","link":"https:\/\/eyrsecurity.com\/?product=mascara-9955-cara-completa-libus","title":{"rendered":"MASCARA 9955 \u2013 CARA COMPLETA LIBUS"},"content":{"rendered":"<h4>Caracter\u00edsticas<\/h4>\n<p><strong><span data-mce-mark=\"1\">\u2713<\/span>\u00a0<\/strong>M\u00e1scara respiratoria que cubre toda la cara. Reutilizable y de bajo mantenimiento.<br \/>\n<strong><span data-mce-mark=\"1\">\u2713<\/span>\u00a0<\/strong>Puede trabajar con filtros de part\u00edculas o cartuchos quimicos recambiables.<br \/>\n<strong><span data-mce-mark=\"1\">\u2713<\/span>\u00a0<\/strong>Aprobaci\u00f3n NIOSH conforme al tipo de filtro \/ cartucho utilizado.<br \/>\n<strong><span data-mce-mark=\"1\">\u2713<\/span>\u00a0<\/strong>Brinda protecci\u00f3n respiratoria, ocular y facial.<\/p>\n<p><strong>CARTUCHOS Y FILTROS<\/strong><br \/>\nFiltro de part\u00edculas P95 y P100.<br \/>\nGases \u00c1cidos y Vapores Org\u00e1nicos.<br \/>\nGases \u00c1cidos y Vapores Org\u00e1nicos combinado con filtro de part\u00edculas.<\/p>\n","protected":false},"excerpt":{"rendered":"<p>Respirador elastom\u00e9rico cara completa, est\u00e1 compuesta por:<br \/>\n<strong>\u2022\u00a0<\/strong>M\u00e1scara exterior fabricada en silicona hipo-alerg\u00e9nica.<br \/>\n<strong>\u2022\u00a0<\/strong>Visor clase 1. Provisto de tratamiento antirrayadura y anti-empa\u00f1o.<br \/>\n<strong>\u2022\u00a0<\/strong>Ofrece un amplio campo visual libre de distorsi\u00f3n.<br \/>\n<strong>\u2022\u00a0<\/strong>M\u00e1scarilla interior en silicona provista de v\u00e1lvulas comple\u00adtamente planas<br \/>\npara brindar m\u00e1ximo confort.<br \/>\n<strong>\u2022\u00a0<\/strong>Sistema bi-filtro: porta filtros ubicados sim\u00e9tricamente en los laterales para un<br \/>\nperfecto balance de peso y no interferir el campo visual.<br \/>\n<strong>\u2022\u00a0<\/strong>Conector de filtro aletado para optimizar el flujo de aire y la duraci\u00f3n del filtro.<br \/>\n<strong>\u2022\u00a0<\/strong>Suspensi\u00f3n de 6 puntos con malla textil y correas ajusta\u00adbles, para un sello<br \/>\nperfecto a la cara.<\/p>\n","protected":false},"featured_media":2460,"comment_status":"open","ping_status":"closed","template":"","meta":{"site-sidebar-layout":"default","site-content-layout":"default","ast-main-header-display":"","ast-hfb-above-header-display":"","ast-hfb-below-header-display":"","ast-hfb-mobile-header-display":"","site-post-title":"","ast-breadcrumbs-content":"","ast-featured-img":"","footer-sml-layout":"","theme-transparent-header-meta":"default","adv-header-id-meta":"","stick-header-meta":"","header-above-stick-meta":"","header-main-stick-meta":"","header-below-stick-meta":""},"product_brand":[],"product_cat":[24,25],"product_tag":[],"class_list":{"0":"post-1334","1":"product","2":"type-product","3":"status-publish","4":"has-post-thumbnail","6":"product_cat-bioseguridad-e-higiene","7":"product_cat-proteccion-respiratoria","9":"first","10":"instock","11":"shipping-taxable","12":"product-type-simple"},"_links":{"self":[{"href":"https:\/\/eyrsecurity.com\/index.php?rest_route=\/wp\/v2\/product\/1334","targetHints":{"allow":["GET"]}}],"collection":[{"href":"https:\/\/eyrsecurity.com\/index.php?rest_route=\/wp\/v2\/product"}],"about":[{"href":"https:\/\/eyrsecurity.com\/index.php?rest_route=\/wp\/v2\/types\/product"}],"replies":[{"embeddable":true,"href":"https:\/\/eyrsecurity.com\/index.php?rest_route=%2Fwp%2Fv2%2Fcomments&post=1334"}],"wp:featuredmedia":[{"embeddable":true,"href":"https:\/\/eyrsecurity.com\/index.php?rest_route=\/wp\/v2\/media\/2460"}],"wp:attachment":[{"href":"https:\/\/eyrsecurity.com\/index.php?rest_route=%2Fwp%2Fv2%2Fmedia&parent=1334"}],"wp:term":[{"taxonomy":"product_brand","embeddable":true,"href":"https:\/\/eyrsecurity.com\/index.php?rest_route=%2Fwp%2Fv2%2Fproduct_brand&post=1334"},{"taxonomy":"product_cat","embeddable":true,"href":"https:\/\/eyrsecurity.com\/index.php?rest_route=%2Fwp%2Fv2%2Fproduct_cat&post=1334"},{"taxonomy":"product_tag","embeddable":true,"href":"https:\/\/eyrsecurity.com\/index.php?rest_route=%2Fwp%2Fv2%2Fproduct_tag&post=1334"}],"curies":[{"name":"wp","href":"https:\/\/api.w.org\/{rel}","templated":true}]}}