{"id":1322,"date":"2021-10-18T05:41:45","date_gmt":"2021-10-18T05:41:45","guid":{"rendered":"https:\/\/eyrsecurity.com\/?post_type=product&#038;p=1322"},"modified":"2021-10-25T00:56:14","modified_gmt":"2021-10-25T00:56:14","slug":"mascarilla-3m-8210-n95","status":"publish","type":"product","link":"https:\/\/eyrsecurity.com\/?product=mascarilla-3m-8210-n95","title":{"rendered":"MASCARILLA 3M 8210 N95"},"content":{"rendered":"<h4 class=\"title-tab\">Caracter\u00edsticas<\/h4>\n<ul>\n<li>Cintas el\u00e1sticas: Elast\u00f3mero color amarillo<\/li>\n<li>Clip met\u00e1lico: Aluminio<\/li>\n<li>Espuma interna: Poliuretano<\/li>\n<li>Elemento filtrante: Tela no tejida de polipropileno y poliester<\/li>\n<li>Peso apr\u00f3x.: 10 g<\/li>\n<li>Color: Blanco.<\/li>\n<li>Aprobado por la National Institute for Occuapational Safety And Health (NIOSH) de Estados Unidos bajo la<br \/>\nespecificaci\u00f3n N95 de la norma 42CFR84.<\/li>\n<\/ul>\n","protected":false},"excerpt":{"rendered":"<p>El respirador libre de mantenimiento 3M 8210 brinda una efectiva, confortable e higi\u00e9nica protecci\u00f3n respiratoria contra part\u00edculas s\u00f3lidas y l\u00edquidas sin aceite. Es fabricado con un Medio Filtrante Electrost\u00e1tico Avanzado, novedoso sistema de retenci\u00f3n de part\u00edculas que permite mayor eficiencia del filtro con menor ca\u00edda de presi\u00f3n. Su forma convexa, el dise\u00f1o de sus bandas el\u00e1sticas, la espuma de sellado y el clip de aluminio para el ajuste a la nariz aseguran un excelente sello adapt\u00e1ndose a un amplio rango de tama\u00f1os de cara.<\/p>\n","protected":false},"featured_media":2490,"comment_status":"open","ping_status":"closed","template":"","meta":{"site-sidebar-layout":"default","site-content-layout":"default","ast-main-header-display":"","ast-hfb-above-header-display":"","ast-hfb-below-header-display":"","ast-hfb-mobile-header-display":"","site-post-title":"","ast-breadcrumbs-content":"","ast-featured-img":"","footer-sml-layout":"","theme-transparent-header-meta":"default","adv-header-id-meta":"","stick-header-meta":"","header-above-stick-meta":"","header-main-stick-meta":"","header-below-stick-meta":""},"product_brand":[],"product_cat":[24,25],"product_tag":[],"class_list":{"0":"post-1322","1":"product","2":"type-product","3":"status-publish","4":"has-post-thumbnail","6":"product_cat-bioseguridad-e-higiene","7":"product_cat-proteccion-respiratoria","9":"first","10":"instock","11":"shipping-taxable","12":"product-type-simple"},"_links":{"self":[{"href":"https:\/\/eyrsecurity.com\/index.php?rest_route=\/wp\/v2\/product\/1322","targetHints":{"allow":["GET"]}}],"collection":[{"href":"https:\/\/eyrsecurity.com\/index.php?rest_route=\/wp\/v2\/product"}],"about":[{"href":"https:\/\/eyrsecurity.com\/index.php?rest_route=\/wp\/v2\/types\/product"}],"replies":[{"embeddable":true,"href":"https:\/\/eyrsecurity.com\/index.php?rest_route=%2Fwp%2Fv2%2Fcomments&post=1322"}],"wp:featuredmedia":[{"embeddable":true,"href":"https:\/\/eyrsecurity.com\/index.php?rest_route=\/wp\/v2\/media\/2490"}],"wp:attachment":[{"href":"https:\/\/eyrsecurity.com\/index.php?rest_route=%2Fwp%2Fv2%2Fmedia&parent=1322"}],"wp:term":[{"taxonomy":"product_brand","embeddable":true,"href":"https:\/\/eyrsecurity.com\/index.php?rest_route=%2Fwp%2Fv2%2Fproduct_brand&post=1322"},{"taxonomy":"product_cat","embeddable":true,"href":"https:\/\/eyrsecurity.com\/index.php?rest_route=%2Fwp%2Fv2%2Fproduct_cat&post=1322"},{"taxonomy":"product_tag","embeddable":true,"href":"https:\/\/eyrsecurity.com\/index.php?rest_route=%2Fwp%2Fv2%2Fproduct_tag&post=1322"}],"curies":[{"name":"wp","href":"https:\/\/api.w.org\/{rel}","templated":true}]}}