{"id":1321,"date":"2021-10-18T05:41:45","date_gmt":"2021-10-18T05:41:45","guid":{"rendered":"https:\/\/eyrsecurity.com\/?post_type=product&#038;p=1321"},"modified":"2021-10-25T00:55:18","modified_gmt":"2021-10-25T00:55:18","slug":"mascarilla-3m-8511-n95","status":"publish","type":"product","link":"https:\/\/eyrsecurity.com\/?product=mascarilla-3m-8511-n95","title":{"rendered":"Mascarilla 3M 8511 N95"},"content":{"rendered":"","protected":false},"excerpt":{"rendered":"<p>Respirador libre mantenimiento, para protecci\u00f3n contra polvo y neblinas, con v\u00e1lvula de exhalaci\u00f3n.<\/p>\n<h4 class=\"title-tab\">Descripci\u00f3n<\/h4>\n<p>&nbsp;<\/p>\n<ul>\n<li>La innovadora tecnolog\u00eda de medio filtrante electrost\u00e1tico avanzado (MEA), permite una eficiencia en filtraci\u00f3n mayor a 95 %.<\/li>\n<li>La nueva v\u00e1lvula de exhalaci\u00f3n, Aire Fresco, reduce el calor y humedad, lo que ofrece mayor comodidad durante largos per\u00edodos de uso.<\/li>\n<li>Baja ca\u00edda de presi\u00f3n, que significa baja resistencia al paso del aire, f\u00e1cilita la respiraci\u00f3n y la comunicaci\u00f3n a trav\u00e9s del filtro.<\/li>\n<li>La nueva laminilla met\u00e1lica en forma de M, para la nariz, permite un ajuste seguro y f\u00e1cil.<\/li>\n<li>Las bandas en material elastom\u00e9rico resistentes y duraderas, son apropiadas para ambientes calurosos.<\/li>\n<li>Libre mantenimiento, elimina las tareas de limpieza y cambio de partes.<\/li>\n<li>Para usarse en concentraciones que no superen la concentraci\u00f3n de 10X T.L.V.<\/li>\n<li>Aprobado para material part\u00edculado Norma 42 CFR 84 NIOSH ( N95) y la Norma NTC 2561 (Tipo B).<\/li>\n<\/ul>\n","protected":false},"featured_media":2491,"comment_status":"open","ping_status":"closed","template":"","meta":{"site-sidebar-layout":"default","site-content-layout":"default","ast-main-header-display":"","ast-hfb-above-header-display":"","ast-hfb-below-header-display":"","ast-hfb-mobile-header-display":"","site-post-title":"","ast-breadcrumbs-content":"","ast-featured-img":"","footer-sml-layout":"","theme-transparent-header-meta":"default","adv-header-id-meta":"","stick-header-meta":"","header-above-stick-meta":"","header-main-stick-meta":"","header-below-stick-meta":""},"product_brand":[],"product_cat":[24,25],"product_tag":[],"class_list":{"0":"post-1321","1":"product","2":"type-product","3":"status-publish","4":"has-post-thumbnail","6":"product_cat-bioseguridad-e-higiene","7":"product_cat-proteccion-respiratoria","9":"first","10":"instock","11":"shipping-taxable","12":"product-type-simple"},"_links":{"self":[{"href":"https:\/\/eyrsecurity.com\/index.php?rest_route=\/wp\/v2\/product\/1321","targetHints":{"allow":["GET"]}}],"collection":[{"href":"https:\/\/eyrsecurity.com\/index.php?rest_route=\/wp\/v2\/product"}],"about":[{"href":"https:\/\/eyrsecurity.com\/index.php?rest_route=\/wp\/v2\/types\/product"}],"replies":[{"embeddable":true,"href":"https:\/\/eyrsecurity.com\/index.php?rest_route=%2Fwp%2Fv2%2Fcomments&post=1321"}],"wp:featuredmedia":[{"embeddable":true,"href":"https:\/\/eyrsecurity.com\/index.php?rest_route=\/wp\/v2\/media\/2491"}],"wp:attachment":[{"href":"https:\/\/eyrsecurity.com\/index.php?rest_route=%2Fwp%2Fv2%2Fmedia&parent=1321"}],"wp:term":[{"taxonomy":"product_brand","embeddable":true,"href":"https:\/\/eyrsecurity.com\/index.php?rest_route=%2Fwp%2Fv2%2Fproduct_brand&post=1321"},{"taxonomy":"product_cat","embeddable":true,"href":"https:\/\/eyrsecurity.com\/index.php?rest_route=%2Fwp%2Fv2%2Fproduct_cat&post=1321"},{"taxonomy":"product_tag","embeddable":true,"href":"https:\/\/eyrsecurity.com\/index.php?rest_route=%2Fwp%2Fv2%2Fproduct_tag&post=1321"}],"curies":[{"name":"wp","href":"https:\/\/api.w.org\/{rel}","templated":true}]}}