{"id":1305,"date":"2021-10-18T05:41:43","date_gmt":"2021-10-18T05:41:43","guid":{"rendered":"https:\/\/eyrsecurity.com\/?post_type=product&#038;p=1305"},"modified":"2021-10-23T01:11:36","modified_gmt":"2021-10-23T01:11:36","slug":"tapon-auditivo-silicona-ep-s06c-steelpro","status":"publish","type":"product","link":"https:\/\/eyrsecurity.com\/?product=tapon-auditivo-silicona-ep-s06c-steelpro","title":{"rendered":"TAPON AUDITIVO SILICONA Ep-S06C STEELPRO"},"content":{"rendered":"","protected":false},"excerpt":{"rendered":"<p>Textura suave, blanda y ergonom\u00e9trica, para permitir un buen GARANT\u00cdA sellado del canal auditivo. Los tapones est\u00e1n unidos por un cord\u00f3n para mayor comodidad. Atenuaci\u00f3n SNR 29 dB.<\/p>\n<ul>\n<li>Fabricado en silicona hipoalerg\u00e9nica.<\/li>\n<li>Textura suave, blanda y ergonom\u00e9trica, para permitir un buen sellado del canal auditivo.<\/li>\n<li>SNR:29.<\/li>\n<li>Los tapones est\u00e1n unidos por un cord\u00f3n para mayor comodidad.<\/li>\n<li>En envase higi\u00e9nico individual caja reutilizable.<\/li>\n<li>100 pares por Caja.<\/li>\n<li>Certificado por ACHS.<\/li>\n<\/ul>\n","protected":false},"featured_media":2163,"comment_status":"open","ping_status":"closed","template":"","meta":{"site-sidebar-layout":"default","site-content-layout":"default","ast-main-header-display":"","ast-hfb-above-header-display":"","ast-hfb-below-header-display":"","ast-hfb-mobile-header-display":"","site-post-title":"","ast-breadcrumbs-content":"","ast-featured-img":"","footer-sml-layout":"","theme-transparent-header-meta":"default","adv-header-id-meta":"","stick-header-meta":"","header-above-stick-meta":"","header-main-stick-meta":"","header-below-stick-meta":""},"product_brand":[],"product_cat":[22],"product_tag":[],"class_list":{"0":"post-1305","1":"product","2":"type-product","3":"status-publish","4":"has-post-thumbnail","6":"product_cat-proteccion-auditiva","8":"first","9":"instock","10":"shipping-taxable","11":"product-type-simple"},"_links":{"self":[{"href":"https:\/\/eyrsecurity.com\/index.php?rest_route=\/wp\/v2\/product\/1305","targetHints":{"allow":["GET"]}}],"collection":[{"href":"https:\/\/eyrsecurity.com\/index.php?rest_route=\/wp\/v2\/product"}],"about":[{"href":"https:\/\/eyrsecurity.com\/index.php?rest_route=\/wp\/v2\/types\/product"}],"replies":[{"embeddable":true,"href":"https:\/\/eyrsecurity.com\/index.php?rest_route=%2Fwp%2Fv2%2Fcomments&post=1305"}],"wp:featuredmedia":[{"embeddable":true,"href":"https:\/\/eyrsecurity.com\/index.php?rest_route=\/wp\/v2\/media\/2163"}],"wp:attachment":[{"href":"https:\/\/eyrsecurity.com\/index.php?rest_route=%2Fwp%2Fv2%2Fmedia&parent=1305"}],"wp:term":[{"taxonomy":"product_brand","embeddable":true,"href":"https:\/\/eyrsecurity.com\/index.php?rest_route=%2Fwp%2Fv2%2Fproduct_brand&post=1305"},{"taxonomy":"product_cat","embeddable":true,"href":"https:\/\/eyrsecurity.com\/index.php?rest_route=%2Fwp%2Fv2%2Fproduct_cat&post=1305"},{"taxonomy":"product_tag","embeddable":true,"href":"https:\/\/eyrsecurity.com\/index.php?rest_route=%2Fwp%2Fv2%2Fproduct_tag&post=1305"}],"curies":[{"name":"wp","href":"https:\/\/api.w.org\/{rel}","templated":true}]}}