{"id":1296,"date":"2021-10-18T05:41:42","date_gmt":"2021-10-18T05:41:42","guid":{"rendered":"https:\/\/eyrsecurity.com\/?post_type=product&#038;p=1296"},"modified":"2021-10-23T01:31:58","modified_gmt":"2021-10-23T01:31:58","slug":"orejera-3m-x2p3e-serie-x-adaptable-a-casco-24db","status":"publish","type":"product","link":"https:\/\/eyrsecurity.com\/?product=orejera-3m-x2p3e-serie-x-adaptable-a-casco-24db","title":{"rendered":"OREJERA 3M X2P3E SERIE X ADAPTABLE A CASCO 24dB"},"content":{"rendered":"","protected":false},"excerpt":{"rendered":"<p>Orejera 3M Peltor H2P3E Serie X Adaptable a Casco 24dB ofrecen una atenuaci\u00f3n NRR de 24 dB que ofrecen una soluci\u00f3n idea para situaciones de ruido. Las orejeras son fabricados con materiales hipoalerg\u00e9nicos que brindan una efectiva e higi\u00e9nica protecci\u00f3n a los trabajadores que se desempe\u00f1an en \u00e1reas donde los niveles de ruido son altos.<\/p>\n<p>Recomendada para una gran variedad de ambientes de trabajo peligrosos (NRR 24 dB)<br \/>\nLas copas de puntos pivoteantes permiten a los usuarios inclinar y ajustar las copas de los o\u00eddos para comodidad y eficiencia optima.<br \/>\nLa concha ajustable permite acomodar la orejera para cualquier tama\u00f1o de cabeza.<br \/>\nAlmohadillas amplias que proporcionan un gran espacio y ajuste<br \/>\nAPROBACIONES<br \/>\nLas Orejeras Peltor cumplen con la norma ANSI S3.19-1974 sobre protecci\u00f3n de la audici\u00f3n.<\/p>\n<p>USOS Y APLICACIONES<br \/>\nEmpleables en gran n\u00famero de labores que puedan implicar el riesgo de presencia de ruido, y asimismo en condiciones en las que los trabajadores est\u00e9n expuestos a polvo, grasa u otro tipo de sustancias.<\/p>\n","protected":false},"featured_media":2172,"comment_status":"open","ping_status":"closed","template":"","meta":{"site-sidebar-layout":"default","site-content-layout":"default","ast-main-header-display":"","ast-hfb-above-header-display":"","ast-hfb-below-header-display":"","ast-hfb-mobile-header-display":"","site-post-title":"","ast-breadcrumbs-content":"","ast-featured-img":"","footer-sml-layout":"","theme-transparent-header-meta":"default","adv-header-id-meta":"","stick-header-meta":"","header-above-stick-meta":"","header-main-stick-meta":"","header-below-stick-meta":""},"product_brand":[],"product_cat":[22],"product_tag":[],"class_list":{"0":"post-1296","1":"product","2":"type-product","3":"status-publish","4":"has-post-thumbnail","6":"product_cat-proteccion-auditiva","8":"first","9":"instock","10":"shipping-taxable","11":"product-type-simple"},"_links":{"self":[{"href":"https:\/\/eyrsecurity.com\/index.php?rest_route=\/wp\/v2\/product\/1296","targetHints":{"allow":["GET"]}}],"collection":[{"href":"https:\/\/eyrsecurity.com\/index.php?rest_route=\/wp\/v2\/product"}],"about":[{"href":"https:\/\/eyrsecurity.com\/index.php?rest_route=\/wp\/v2\/types\/product"}],"replies":[{"embeddable":true,"href":"https:\/\/eyrsecurity.com\/index.php?rest_route=%2Fwp%2Fv2%2Fcomments&post=1296"}],"wp:featuredmedia":[{"embeddable":true,"href":"https:\/\/eyrsecurity.com\/index.php?rest_route=\/wp\/v2\/media\/2172"}],"wp:attachment":[{"href":"https:\/\/eyrsecurity.com\/index.php?rest_route=%2Fwp%2Fv2%2Fmedia&parent=1296"}],"wp:term":[{"taxonomy":"product_brand","embeddable":true,"href":"https:\/\/eyrsecurity.com\/index.php?rest_route=%2Fwp%2Fv2%2Fproduct_brand&post=1296"},{"taxonomy":"product_cat","embeddable":true,"href":"https:\/\/eyrsecurity.com\/index.php?rest_route=%2Fwp%2Fv2%2Fproduct_cat&post=1296"},{"taxonomy":"product_tag","embeddable":true,"href":"https:\/\/eyrsecurity.com\/index.php?rest_route=%2Fwp%2Fv2%2Fproduct_tag&post=1296"}],"curies":[{"name":"wp","href":"https:\/\/api.w.org\/{rel}","templated":true}]}}