{"id":1295,"date":"2021-10-18T05:41:42","date_gmt":"2021-10-18T05:41:42","guid":{"rendered":"https:\/\/eyrsecurity.com\/?post_type=product&#038;p=1295"},"modified":"2021-10-23T01:30:49","modified_gmt":"2021-10-23T01:30:49","slug":"orejera-3m-peltor-h9p3e-adaptable-a-casco","status":"publish","type":"product","link":"https:\/\/eyrsecurity.com\/?product=orejera-3m-peltor-h9p3e-adaptable-a-casco","title":{"rendered":"OREJERA 3M PELTOR H9P3E ADAPTABLE A CASCO"},"content":{"rendered":"","protected":false},"excerpt":{"rendered":"<p>Orejera 3M Peltor H9P3E, est\u00e1n dise\u00f1ados para proveer una efectiva protecci\u00f3n contra ruido cuando se usan de acuerdo con las instrucciones de colocaci\u00f3n y se aplican los criterios para la selecci\u00f3n de equipos de protecci\u00f3n auditiva.<br \/>\nOrejera 3M Peltor H9P3E, est\u00e1 fabricado con materiales hipoalerg\u00e9nicos y livianos. Adem\u00e1s tiene protecci\u00f3n contra ruidos que alcanzan hasta 98dB.<\/p>\n<p>ESPECIFICACIONES<br \/>\nArco de acero inoxidable con conector adaptable a la mayor\u00eda de cascos de seguridad.<br \/>\nLongitud ajustable de los brazod del arco.<br \/>\nCopas pivotantes.<br \/>\nNRR: 23dB<br \/>\nCopas de ABS cubiertas de almohadillas de PVC y espuma de poliuretano.<br \/>\nCARACTERISTICAS<br \/>\nFabricado con materiales hipoalerg\u00e9nicos y livianos.<br \/>\nProtecci\u00f3n contra ruidos que alcanzan hasta 98dB.<br \/>\nSu tasa de reducci\u00f3n de ruido (NRR) es de 23dB.<br \/>\nCon conector para las ranuras del casco de seguridad.<br \/>\nCuenta con 4 puntos de suspensi\u00f3n que distribuyen la presi\u00f3n y se adaptan a la mayor\u00eda de los perfiles faciales; las copas cuentan con puntos pivotantes.<br \/>\nLas almohadillas externas y la espuma interior cubre totalmente el oido externo, a\u00fan con lentes.<\/p>\n","protected":false},"featured_media":2169,"comment_status":"open","ping_status":"closed","template":"","meta":{"site-sidebar-layout":"default","site-content-layout":"default","ast-main-header-display":"","ast-hfb-above-header-display":"","ast-hfb-below-header-display":"","ast-hfb-mobile-header-display":"","site-post-title":"","ast-breadcrumbs-content":"","ast-featured-img":"","footer-sml-layout":"","theme-transparent-header-meta":"default","adv-header-id-meta":"","stick-header-meta":"","header-above-stick-meta":"","header-main-stick-meta":"","header-below-stick-meta":""},"product_brand":[],"product_cat":[22],"product_tag":[],"class_list":{"0":"post-1295","1":"product","2":"type-product","3":"status-publish","4":"has-post-thumbnail","6":"product_cat-proteccion-auditiva","8":"first","9":"instock","10":"shipping-taxable","11":"product-type-simple"},"_links":{"self":[{"href":"https:\/\/eyrsecurity.com\/index.php?rest_route=\/wp\/v2\/product\/1295","targetHints":{"allow":["GET"]}}],"collection":[{"href":"https:\/\/eyrsecurity.com\/index.php?rest_route=\/wp\/v2\/product"}],"about":[{"href":"https:\/\/eyrsecurity.com\/index.php?rest_route=\/wp\/v2\/types\/product"}],"replies":[{"embeddable":true,"href":"https:\/\/eyrsecurity.com\/index.php?rest_route=%2Fwp%2Fv2%2Fcomments&post=1295"}],"wp:featuredmedia":[{"embeddable":true,"href":"https:\/\/eyrsecurity.com\/index.php?rest_route=\/wp\/v2\/media\/2169"}],"wp:attachment":[{"href":"https:\/\/eyrsecurity.com\/index.php?rest_route=%2Fwp%2Fv2%2Fmedia&parent=1295"}],"wp:term":[{"taxonomy":"product_brand","embeddable":true,"href":"https:\/\/eyrsecurity.com\/index.php?rest_route=%2Fwp%2Fv2%2Fproduct_brand&post=1295"},{"taxonomy":"product_cat","embeddable":true,"href":"https:\/\/eyrsecurity.com\/index.php?rest_route=%2Fwp%2Fv2%2Fproduct_cat&post=1295"},{"taxonomy":"product_tag","embeddable":true,"href":"https:\/\/eyrsecurity.com\/index.php?rest_route=%2Fwp%2Fv2%2Fproduct_tag&post=1295"}],"curies":[{"name":"wp","href":"https:\/\/api.w.org\/{rel}","templated":true}]}}